000
CDUS45 KRIW 190739
CLIWRL


CLIMATE REPORT
NATIONAL WEATHER SERVICE RIVERTON WY
139 AM MDT SUN APR 19 2015


...................................

...THE WORLAND WY CLIMATE SUMMARY FOR APRIL 18 2015...

CLIMATE NORMAL PERIOD 1981 TO 2010
CLIMATE RECORD PERIOD 1947 TO 2015


WEATHER ITEM   OBSERVED TIME   RECORD YEAR NORMAL DEPARTURE LAST
                VALUE   (LST)  VALUE       VALUE  FROM      YEAR
                                                  NORMAL
..................................................................
TEMPERATURE (F)
 YESTERDAY
  MAXIMUM         69    157 PM  83    2001  61      8       75
  MINIMUM         30    545 AM  17    2013  32     -2       36
  AVERAGE         50                        46      4       56

PRECIPITATION (IN)
  YESTERDAY        0.00          0.85 1991   0.03  -0.03     0.00
  MONTH TO DATE    0.04                      0.40  -0.36     0.27
  SINCE MAR 1      0.04                      0.86  -0.82     0.67
  SINCE JAN 1      0.81                      1.28  -0.47     1.05

DEGREE DAYS
 HEATING
  YESTERDAY       15                        19     -4        9
  MONTH TO DATE  369                       380    -11      388
  SINCE MAR 1   1090                      1265   -175     1328
  SINCE JUL 1   6999                      7266   -267     7708

 COOLING
  YESTERDAY        0                         0      0        0
  MONTH TO DATE    0                         0      0        0
  SINCE MAR 1      0                         0      0        0
  SINCE JAN 1      0                         0      0        0
..................................................................


WIND (MPH)
  HIGHEST WIND SPEED    37   HIGHEST WIND DIRECTION     N (340)
  HIGHEST GUST SPEED    46   HIGHEST GUST DIRECTION     N (360)
  AVERAGE WIND SPEED    15.2


SKY COVER
  POSSIBLE SUNSHINE  MM
  AVERAGE SKY COVER 0.3


WEATHER CONDITIONS
 THE FOLLOWING WEATHER WAS RECORDED YESTERDAY.
  NO SIGNIFICANT WEATHER WAS OBSERVED.


RELATIVE HUMIDITY (PERCENT)
 HIGHEST    89           200 AM
 LOWEST     20           100 PM
 AVERAGE    55

..........................................................


THE WORLAND WY CLIMATE NORMALS FOR TODAY
                         NORMAL    RECORD    YEAR
 MAXIMUM TEMPERATURE (F)   61        85      1980
 MINIMUM TEMPERATURE (F)   32        19      1982


SUNRISE AND SUNSET
APRIL 19 2015.........SUNRISE   622 AM MDT   SUNSET   800 PM MDT
APRIL 20 2015.........SUNRISE   621 AM MDT   SUNSET   802 PM MDT


-  INDICATES NEGATIVE NUMBERS.
R  INDICATES RECORD WAS SET OR TIED.
MM INDICATES DATA IS MISSING.
T  INDICATES TRACE AMOUNT.




$$
