000
CDAK47 PAYA 020005
CLIYAK

CLIMATE REPORT
NATIONAL WEATHER SERVICE YAKUTAT, AK
405 PM AKDT WED APR 1 2015

...................................
...THE YAKUTAT AP CLIMATE SUMMARY FOR APRIL 1 2015...
VALID TODAY AS OF 2:00 PM LOCAL TIME

CLIMATE NORMAL PERIOD  1981 TO  2010
CLIMATE RECORD PERIOD  1948 TO  2015

WEATHER ITEM   OBSERVED TIME    RECORD YEAR NORMAL DEPARTURE LAST
               VALUE    (LST)   VALUE       VALUE  FROM      YEAR
                                                   NORMAL
...................................................................
TEMPERATURE
TODAY
 MAXIMUM            45  0153 PM    51  1993     42       3     42
 MINIMUM            32  1209 AM     7  2002     27       5     25
 AVERAGE            39                          35       4     34

PRECIPITATION
(INCHES)
 TODAY            0.35           3.64  1997   0.32    0.03   0.00
 MONTH TO DATE    0.35                        0.32    0.03   0.00
 SINCE MAR 1     10.77                       11.36   -0.59   4.05
 SINCE JAN 1     35.14                       35.88   -0.74  31.11

SNOWFALL
(INCHES)
 TODAY             0.0           11.2  1997    0.6    -0.6    0.0
 MONTH TO DATE     0.0                         0.6    -0.6    0.0
 SINCE MAR 1      27.5                        27.8    -0.3    7.8
 SINCE JUL 1      40.3                       130.0   -89.7  103.2
 SNOW DEPTH (IN)     T                                          2

DEGREE DAYS
 HEATING
  TODAY             26                          31      -5     31
  MONTH TO DATE     26                          31      -5     31
  SINCE MAR 1      949                        1053    -104   1110
  SINCE JUL 1     6381                        7182    -801   6923

 COOLING
  TODAY              0                           0       0      0
  MONTH TO DATE      0                           0       0      0
  SINCE MAR 1        0                           0       0      0
  SINCE JAN 1        0                           0       0      0
...................................................................

WIND (MPH)
 HIGHEST WIND SPEED    15     HIGHEST WIND DIRECTION    120
 HIGHEST GUST SPEED    23     HIGHEST GUST DIRECTION    130
 AVERAGE WIND SPEED    MM

SKY COVER
  POSSIBLE SUNSHINE  MM            AVERAGE SKY COVER MM

WEATHER CONDITIONS
 THE FOLLOWING WEATHER WAS RECORDED TODAY.
FOG
RAIN


RELATIVE HUMIDITY
 HIGHEST RH     MM PERCENT       MM
 LOWEST  RH     MM PERCENT       MM
 AVERAGE RH     MM PERCENT       MM
...................................................................

THE YAKUTAT CLIMATE NORMALS FOR TOMORROW
                        NORMAL    RECORD   YEAR
 MAXIMUM TEMPERATURE      42        58     1958
 MINIMUM TEMPERATURE      27         4     1952

SUNRISE AND SUNSET
 APR 1 2015..........SUNRISE  6:45 AM      SUNSET  8:02 PM
 APR 2 2015..........SUNRISE  6:42 AM      SUNSET  8:05 PM

-  INDICATES NEGATIVE NUMBERS.
R  INDICATES RECORD HAS BEEN SET OR TIED.
MM INDICATES DATA IS MISSING.
T  INDICATES TRACE OF PRECIPITATION.

&&
-------------------------------------------------------------------

AMOUNT OF DAYLIGHT TODAY  (HOUR:MIN)........13 HOURS 17 MINUTES
GAIN/LOSS SINCE YESTERDAY (HOUR:MIN:SEC)....+0:05:21

$$
*** APR 15
