000
CDUS41 KPBZ 052140
CLIZZV


CLIMATE REPORT
NATIONAL WEATHER SERVICE PITTSBURGH PA
540 PM EDT TUE MAY 5 2015


...................................

...THE ZANESVILLE OH CLIMATE SUMMARY FOR MAY 5 2015...
VALID TODAY AS OF 0500 PM LOCAL TIME.

CLIMATE NORMAL PERIOD 1981 TO 2010
CLIMATE RECORD PERIOD 1946 TO 2015


WEATHER ITEM   OBSERVED TIME   RECORD YEAR NORMAL DEPARTURE LAST
                VALUE   (LST)  VALUE       VALUE  FROM      YEAR
                                                  NORMAL
..................................................................
TEMPERATURE (F)
 TODAY
  MAXIMUM         80    355 PM  89    1952  69     11       56
  MINIMUM         58    410 AM  29    1979  46     12       39
  AVERAGE         69                        58     11       48

PRECIPITATION (IN)
  TODAY            0.04         MM      MM   0.13  -0.09     0.02
  MONTH TO DATE    0.24                      0.62  -0.38     0.07
  SINCE JUN 1     36.04                     34.29   1.75    39.18
  SINCE JAN 1     13.63                     11.89   1.74    10.87

DEGREE DAYS
 HEATING
  TODAY            0                         8     -8       17
  MONTH TO DATE   23                        43    -20       58
  SINCE MAR 1   1273                      1209     64     1325
  SINCE JUL 1   5930                      5400    530     5882

 COOLING
  TODAY            4                         1      3        0
  MONTH TO DATE    4                         1      3        0
  SINCE MAR 1      5                        10     -5        5
  SINCE JAN 1      5                        10     -5        5
..................................................................


WIND (MPH)
  HIGHEST WIND SPEED    13   HIGHEST WIND DIRECTION    NW (300)
  HIGHEST GUST SPEED    16   HIGHEST GUST DIRECTION     W (270)
  AVERAGE WIND SPEED     4.8


SKY COVER
  POSSIBLE SUNSHINE  MM
  AVERAGE SKY COVER 0.6


WEATHER CONDITIONS
 THE FOLLOWING WEATHER WAS RECORDED TODAY.
  LIGHT RAIN
  FOG
  FOG W/VISIBILITY <= 1/4 MILE


RELATIVE HUMIDITY (PERCENT)
 HIGHEST   100           300 AM
 LOWEST     42           400 PM
 AVERAGE    71

..........................................................


THE ZANESVILLE OH CLIMATE NORMALS FOR TOMORROW
                         NORMAL    RECORD    YEAR
 MAXIMUM TEMPERATURE (F)   70        91      1959
 MINIMUM TEMPERATURE (F)   46        27      1968


SUNRISE AND SUNSET
MAY  5 2015...........SUNRISE   623 AM EDT   SUNSET   826 PM EDT
MAY  6 2015...........SUNRISE   622 AM EDT   SUNSET   827 PM EDT


-  INDICATES NEGATIVE NUMBERS.
R  INDICATES RECORD WAS SET OR TIED.
MM INDICATES DATA IS MISSING.
T  INDICATES TRACE AMOUNT.




$$
