000
CXUS51 KGYX 181627 CCA
CLMAUG

CLIMATE REPORT
NATIONAL WEATHER SERVICE GRAY ME
1122 AM EST TUE MAR 3 2015

...................................

...THE AUGUSTA CLIMATE SUMMARY FOR THE SEASON, FROM
12/1/2014 TO 2/28/2015...

CLIMATE NORMAL PERIOD 1981 TO 2010
CLIMATE RECORD PERIOD 1948 TO 2015

WEATHER         OBSERVED          NORMAL  DEPART  LAST YEAR`S
                 VALUE   DATE(S)  VALUE   FROM    VALUE  DATE(S)
                                          NORMAL
................................................................
TEMPERATURE (F)
RECORD
 HIGH              67   12/06/2001
 LOW              -23   02/02/1962
HIGHEST            53   12/01        56      -3       53  01/06
LOWEST            -12   01/08        -9      -3      -13  01/04
AVG. MAXIMUM     26.5              31.0    -4.5     28.0
AVG. MINIMUM     10.5              14.7    -4.2     12.8
MEAN             18.5              22.8    -4.3     20.4
DAYS MAX >= 90      0               0.0     0.0        0
DAYS MAX <= 32     62              49.0    13.0       62
DAYS MIN <= 32     84              84.7    -0.7       86
DAYS MIN <= 0      23              10.7    12.3       14

PRECIPITATION (INCHES)
RECORD
 MAXIMUM        17.78   1974
 MINIMUM         3.23   1980
TOTALS           6.75              8.28   -1.53     7.41
DAILY AVG.       0.07              0.09   -0.02     0.08
DAYS >= .01        35              30.8     4.2       36
DAYS >= .10        22              17.8     4.2       14
DAYS >= .50         4               4.8    -0.8        3
DAYS >= 1.00        0               1.8    -1.8        1
GREATEST
 24 HR. TOTAL      MM

DEGREE_DAYS
HEATING TOTAL    4138              3795     343     3997
 SINCE 7/1       5627              5343     284     5506
COOLING TOTAL       0                 0       0        0
 SINCE 1/1          0                 0       0        0
.................................................................

WIND (MPH)
AVERAGE WIND SPEED              8.2
HIGHEST WIND SPEED/DIRECTION    37/010    DATE  01/27
HIGHEST GUST SPEED/DIRECTION    55/030    DATE  01/27

SKY COVER
AVERAGE SKY COVER           0.50

AVERAGE RH (PERCENT)     66

WEATHER CONDITIONS. NUMBER OF DAYS WITH
THUNDERSTORM              0     HEAVY RAIN                 1
RAIN                      5     LIGHT RAIN                12
FREEZING RAIN             2     LT FREEZING RAIN           6
HEAVY SNOW                5     SNOW                      13
LIGHT SNOW               44     FOG                       45
FOG W/VIS <= 1/4 MILE    11     HAZE                      29

-  INDICATES NEGATIVE NUMBERS.
R  INDICATES RECORD WAS SET OR TIED.
MM INDICATES DATA IS MISSING.
T  INDICATES TRACE AMOUNT.

$$
