000
CXUS54 KOHX 042142
CLMBNA

CLIMATE REPORT
NATIONAL WEATHER SERVICE NASHVILLE TN
144 AM CDT FRI APR 3 2015

...................................

...THE NASHVILLE CLIMATE SUMMARY FOR THE MONTH OF MARCH 2015...

CLIMATE NORMAL PERIOD 1981 TO 2010
CLIMATE RECORD PERIOD 1871 TO 2015

WEATHER         OBSERVED          NORMAL  DEPART  LAST YEAR`S
                 VALUE   DATE(S)  VALUE   FROM    VALUE
                                          NORMAL
.............................................................
TEMPERATURE (F)
RECORD
 HIGH              89   03/21/1907
 LOW                2   03/03/1980
HIGHEST            82   03/31
LOWEST              9   03/06
AVG. MAXIMUM     62.1              61.0     1.1
AVG. MINIMUM     39.1              39.0     0.1
MEAN             50.6              50.0     0.6     47.3
DAYS MAX >= 90      0
DAYS MAX <= 32      1
DAYS MIN <= 32      8
DAYS MIN <= 0       0

PRECIPITATION (INCHES)
RECORD
 MAXIMUM        12.35   1975
 MINIMUM         0.85   1910
TOTALS           4.29              4.11    0.18
DAYS >= .01        15
DAYS >= .10         9
DAYS >= .50         3
DAYS >= 1.00        1
GREATEST
 24 HR. TOTAL    1.50   03/04 TO 03/04

SNOWFALL (INCHES)
TOTALS            2.9               0.9     2.0
SINCE 7/1         6.1                      -0.2
DAYS >= TRACE       1
DAYS >= 1.0         1

DEGREE_DAYS
HEATING TOTAL     441               473     -32
 SINCE 7/1       3631              3411     220
COOLING TOTAL       2                 8      -6
 SINCE 1/1          2                 8      -6
..............................................................

WIND (MPH)
AVERAGE WIND SPEED              6.5
HIGHEST GUST SPEED/DIRECTION    37/030    DATE  03/20

SKY COVER
POSSIBLE SUNSHINE (PERCENT)   MM
AVERAGE SKY COVER           0.60
NUMBER OF DAYS FAIR            9
NUMBER OF DAYS PC              5
NUMBER OF DAYS CLOUDY         17

AVERAGE RH (PERCENT)     68

WEATHER CONDITIONS. NUMBER OF DAYS WITH
THUNDERSTORM              0     MIXED PRECIP               0
HEAVY RAIN                4     RAIN                       5
LIGHT RAIN               17     FREEZING RAIN              0
LT FREEZING RAIN          2     HAIL                       0
HEAVY SNOW                1     SNOW                       1
LIGHT SNOW                1     SLEET                      1
FOG                      18     FOG W/VIS <= 1/4 MILE      5
HAZE                      3

-  INDICATES NEGATIVE NUMBERS.
R  INDICATES RECORD WAS SET OR TIED.
MM INDICATES DATA IS MISSING.
T  INDICATES TRACE AMOUNT.

$$
BOYD
01
