000
CXUS54 KHGX 011808
CLMCLL

CLIMATE REPORT
NATIONAL WEATHER SERVICE HOUSTON/GALVESTON TX
1206 PM CST SUN MAR 1 2015

...................................

...THE COLLEGE STATION CLIMATE SUMMARY FOR THE MONTH OF FEBRUARY 2015...

CLIMATE NORMAL PERIOD 1981 TO 2010
CLIMATE RECORD PERIOD 1902 TO 2015

WEATHER         OBSERVED          NORMAL  DEPART  LAST YEAR`S
                 VALUE   DATE(S)  VALUE   FROM    VALUE  DATE(S)
                                          NORMAL
................................................................
TEMPERATURE (F)
RECORD
 HIGH              99   02/21/1996
 LOW                5   02/02/1951

HIGHEST            82   02/09        MM      MM       83  02/20
LOWEST             29   02/24        MM      MM       26  02/06

AVG. MAXIMUM     60.5              64.8    -4.3     62.2
AVG. MINIMUM     40.7              44.4    -3.7     42.5
MEAN             50.6              54.6    -4.0     52.4

DAYS MAX >= 90      0               0.1    -0.1        0
DAYS MAX <= 32      0               0.1    -0.1        1
DAYS MIN <= 32      6               2.5     3.5        5
DAYS MIN <= 0       0               0.0     0.0        0

PRECIPITATION (INCHES)
RECORD
 MAXIMUM         9.82   1992
 MINIMUM         0.01   1916

TOTALS           0.75              2.85   -2.10     0.89
DAILY AVG.       0.03              0.10   -0.07     0.03

DAYS >= .01        10               8.1     1.9        8
DAYS >= .10         2               4.3    -2.3        3
DAYS >= .50         0               1.7    -1.7        0
DAYS >= 1.00        0               0.8    -0.8        0
GREATEST
 24 HR. TOTAL    0.27   02/15 TO 02/16

SNOWFALL (INCHES)
RECORDS
 TOTAL           3.00   1973

TOTALS              T                 T     0.0        T
SINCE 7/1           T                 T     0.0        T

SNOWDEPTH AVG.      0                MM      MM        0
DAYS >= 1.0         0               0.0     0.0        0

GREATEST
 SNOW DEPTH         0   MM                             0  MM
 24 HR TOTAL        T   02/23 TO 02/23

DEGREE_DAYS
HEATING TOTAL     397               309      88      368
 SINCE 7/1       1541              1387     154     1717
COOLING TOTAL       1                17     -16       21
 SINCE 1/1          1                28     -27       21
.................................................................

WIND (MPH)
AVERAGE WIND SPEED              9.1
HIGHEST WIND SPEED/DIRECTION    30/170    DATE  02/20
HIGHEST GUST SPEED/DIRECTION    39/190    DATE  02/20

SKY COVER
AVERAGE SKY COVER           0.50

AVERAGE RH (PERCENT)     71

WEATHER CONDITIONS. NUMBER OF DAYS WITH
THUNDERSTORM              0     MIXED PRECIP               0
HEAVY RAIN                0     RAIN                       3
LIGHT RAIN               12     FREEZING RAIN              0
LT FREEZING RAIN          1     HAIL                       0
HEAVY SNOW                0     SNOW                       0
LIGHT SNOW                2     SLEET                      0
FOG                      18     FOG W/VIS <= 1/4 MILE      2
HAZE                      4

-  INDICATES NEGATIVE NUMBERS.
R  INDICATES RECORD WAS SET OR TIED.
MM INDICATES DATA IS MISSING.
T  INDICATES TRACE AMOUNT.

$$
