000
CXUS54 KAMA 011212
CLMGUY


CLIMATE REPORT
NATIONAL WEATHER SERVICE AMARILLO TX
708 AM CDT WED APR 1 2015

...................................

...THE GUYMON CLIMATE SUMMARY FOR THE MONTH OF MARCH 2015...

CLIMATE NORMAL PERIOD 1981 TO 2010
CLIMATE RECORD PERIOD 1998 TO 2015

WEATHER         OBSERVED          NORMAL  DEPART  LAST YEAR`S
                 VALUE   DATE(S)  VALUE   FROM    VALUE  DATE(S)
                                          NORMAL
................................................................
TEMPERATURE (F)
HIGHEST            88   03/16                         83  03/30
LOWEST             15   03/05                          1  03/03
AVG. MAXIMUM     65.9              61.1     4.8     61.7
AVG. MINIMUM     34.5              31.5     3.0     28.8
MEAN             50.2              46.3     3.9     45.2
DAYS MAX >= 90      0               0.2    -0.2        0
DAYS MAX <= 32      2               0.7     1.3        1
DAYS MIN <= 32     10              16.2    -6.2       22
DAYS MIN <= 0       0               0.0     0.0        0

PRECIPITATION (INCHES)
TOTALS           1.01              1.43   -0.42     0.21
DAILY AVG.       0.03              0.05   -0.02     0.01
DAYS >= .01         5                MM      MM        2
DAYS >= .10         2                MM      MM        1
DAYS >= .50         1                MM      MM        0
DAYS >= 1.00        0                MM      MM        0
GREATEST
 24 HR. TOTAL    0.73   03/19

SNOWFALL (INCHES)
TOTALS            2.0                MM      MM      1.5
SINCE 7/1        23.3                MM      MM     14.2
DAYS >= TRACE       2                MM      MM
DAYS >= 1.0         1                MM      MM        1
GREATEST
 SNOW DEPTH         3   03/01
 24 HR TOTAL      2.0   03/04

DEGREE_DAYS
HEATING TOTAL     453               581    -128      605
 SINCE 7/1       3670              4048    -378     4171
COOLING TOTAL       1                 2      -1        1
 SINCE 1/1          1                 2      -1        1
.................................................................

WIND (MPH)
AVERAGE WIND SPEED              9.6
HIGHEST WIND SPEED/DIRECTION    38/010    DATE  03/25
HIGHEST GUST SPEED/DIRECTION    46/360    DATE  03/25

SKY COVER
POSSIBLE SUNSHINE (PERCENT)   MM
NUMBER OF DAYS FAIR           25
NUMBER OF DAYS PC              2
NUMBER OF DAYS CLOUDY          4

AVERAGE RH (PERCENT)     55

WEATHER CONDITIONS. NUMBER OF DAYS WITH
THUNDERSTORM              0     MIXED PRECIP               0
HEAVY RAIN                1     RAIN                       1
LIGHT RAIN                4     FREEZING RAIN              0
LT FREEZING RAIN          0     HEAVY SNOW                 0
SNOW                      0     LIGHT SNOW                 2
SLEET                     0     FOG                        7
FOG W/VIS <= 1/4 MILE     1     HAZE                       2

-  INDICATES NEGATIVE NUMBERS.
R  INDICATES RECORD WAS SET OR TIED.
MM INDICATES DATA IS MISSING.
T  INDICATES TRACE AMOUNT.

$$
