000
CXUS51 KCAR 011939
CLMHUL


CLIMATE REPORT
NATIONAL WEATHER SERVICE CARIBOU, ME
338 PM EDT WED APR 1 2015

...................................

...THE HOULTON ME CLIMATE SUMMARY FOR THE MONTH OF MARCH 2015...

CLIMATE NORMAL PERIOD 1981 TO 2010
CLIMATE RECORD PERIOD 1948 TO 2015

WEATHER         OBSERVED          NORMAL  DEPART  LAST YEAR`S
                 VALUE   DATE(S)  VALUE   FROM    VALUE  DATE(S)
                                          NORMAL
................................................................
TEMPERATURE (F)
RECORD
 HIGH              79   03/22/2012
                        03/21/2012
                        05/22/1911
 LOW              -31   03/02/2001
HIGHEST            49   03/11        MM      MM       41  03/29
LOWEST            -26   03/06        MM      MM      -21  03/03
AVG. MAXIMUM     33.0              36.1    -3.1     28.7
AVG. MINIMUM      6.5              15.0    -8.5      4.0
MEAN             19.7              25.6    -5.9     16.4
DAYS MAX >= 90      0               0.0     0.0        0
DAYS MAX <= 32     17               9.1     7.9       19
DAYS MIN <= 32     31              28.8     2.2       31
DAYS MIN <= 0      11               4.6     6.4       14

PRECIPITATION (INCHES)
RECORD
 MAXIMUM           MM   MM
 MINIMUM           MM   MM
TOTALS           0.71                     -1.88
DAILY AVG.       0.02              0.08   -0.06     0.08
DAYS >= .01        11              11.5    -0.5        9
DAYS >= .10         3               6.5    -3.5        6
DAYS >= .50         0               1.5    -1.5        2
DAYS >= 1.00        0               0.4    -0.4        0
GREATEST
 24 HR. TOTAL    0.21   03/17 TO 03/17           03/20 TO 03/20
                                                          03/20 TO 03/20
                                                          03/20 TO 03/20

SNOWFALL (INCHES)
RECORDS
 TOTAL             MM   MM
TOTALS             MM              17.8      MM       MM
SINCE 7/1          MM              83.4      MM       MM
SNOWDEPTH AVG.     MM                12      MM       MM
DAYS >= 1.0         0               4.3    -4.3        0
GREATEST
 SNOW DEPTH        MM                                 MM  MM
 24 HR TOTAL       MM                                 MM

DEGREE_DAYS
HEATING TOTAL    1396              1223     173
.................................................

WIND (MPH)
AVERAGE WIND SPEED              8.6
HIGHEST WIND SPEED/DIRECTION    32/010    DATE  03/15
HIGHEST GUST SPEED/DIRECTION    60/350    DATE  03/15

SKY COVER
POSSIBLE SUNSHINE (PERCENT)   MM
AVERAGE SKY COVER           0.50
NUMBER OF DAYS FAIR           13
NUMBER OF DAYS PC             10
NUMBER OF DAYS CLOUDY          8

AVERAGE RH (PERCENT)     60

WEATHER CONDITIONS. NUMBER OF DAYS WITH
THUNDERSTORM              0     MIXED PRECIP               0
HEAVY RAIN                0     RAIN                       0
LIGHT RAIN                2     FREEZING RAIN              0
LT FREEZING RAIN          0     HAIL                       0
HEAVY SNOW                2     SNOW                       4
LIGHT SNOW               19     SLEET                      0
FOG                      16     FOG W/VIS <= 1/4 MILE      3
HAZE                     11

-  INDICATES NEGATIVE NUMBERS.
R  INDICATES RECORD WAS SET OR TIED.
MM INDICATES DATA IS MISSING.
T  INDICATES TRACE AMOUNT.

$$
