000
CXUS55 KCYS 060420
CLMLAR


CLIMATE REPORT
NATIONAL WEATHER SERVICE CHEYENNE WY
919 PM MST THU MAR 5 2015

...................................

...THE LARAMIE WY AIRPORT CLIMATE SUMMARY FOR THE MONTH OF FEBRUARY 2015...

CLIMATE NORMAL PERIOD 1981 TO 2010
CLIMATE RECORD PERIOD 1948 TO 2015

WEATHER         OBSERVED          NORMAL  DEPART  LAST YEAR`S
                 VALUE   DATE(S)  VALUE   FROM    VALUE
                                          NORMAL
.............................................................
TEMPERATURE (F)
RECORD
 HIGH              63   02/08/1954
 LOW              -39   02/02/2011
HIGHEST            59   02/14        MM      MM       50
LOWEST            -15   02/23        MM      MM      -20
AVG. MAXIMUM     38.8              35.2     3.6     33.2
AVG. MINIMUM     15.8              11.9     3.9     11.6
MEAN             27.2              23.5     3.7     22.4
DAYS MAX >= 90      0               0.0                0
DAYS MAX <= 32      9              10.1               11
DAYS MIN <= 32     25              27.3               27
DAYS MIN <= 0       6               4.7                7

PRECIPITATION (INCHES)
RECORD
 MAXIMUM         1.58   1993
 MINIMUM         0.02   1999
TOTALS           0.67              0.34    0.33     0.51
DAYS >= .01         7               5.1     1.9        9
DAYS >= .10         3               0.8     2.2        2
DAYS >= .50         0               0.1    -0.1        0
DAYS >= 1.00        0               0.0     0.0        0
GREATEST
 24 HR. TOTAL    0.24   02/04 TO 02/04

DEGREE_DAYS
HEATING TOTAL    1051              1161    -110     1183
 SINCE 7/1       5677              6176    -499     6044
COOLING TOTAL       0                 0       0        0
 SINCE 1/1          0                 0       0        0
..............................................................

WIND (MPH)
AVERAGE WIND SPEED              12.6
HIGHEST WIND SPEED/DIRECTION    40/260    DATE  02/07
HIGHEST GUST SPEED/DIRECTION    50/270    DATE  02/07

SKY COVER
POSSIBLE SUNSHINE (PERCENT)   MM
AVERAGE SKY COVER           0.40
NUMBER OF DAYS FAIR           14
NUMBER OF DAYS PC              9
NUMBER OF DAYS CLOUDY          5

AVERAGE RH (PERCENT)     60

WEATHER CONDITIONS. NUMBER OF DAYS WITH
THUNDERSTORM              0     MIXED PRECIP               0
HEAVY RAIN                0     RAIN                       0
LIGHT RAIN                0     FREEZING RAIN              0
LT FREEZING RAIN          0     HAIL                       0
HEAVY SNOW                3     SNOW                       5
LIGHT SNOW               11     SLEET                      0
FOG                       6     FOG W/VIS <= 1/4 MILE      2
HAZE                      3

-  INDICATES NEGATIVE NUMBERS.
R  INDICATES RECORD WAS SET OR TIED.
MM INDICATES DATA IS MISSING.
T  INDICATES TRACE AMOUNT.

$$
