000
CXUS55 KVEF 011201
CLMLAS


CLIMATE REPORT
NATIONAL WEATHER SERVICE LAS VEGAS, NV
501 AM PDT FRI MAY 1 2015

...................................

...THE LAS VEGAS NV CLIMATE SUMMARY FOR THE MONTH OF APRIL 2015...

CLIMATE NORMAL PERIOD 1981 TO 2010
CLIMATE RECORD PERIOD 1937 TO 2015

WEATHER         OBSERVED          NORMAL  DEPART  LAST YEAR`S
                 VALUE   DATE(S)  VALUE   FROM    VALUE  DATE(S)
                                          NORMAL
................................................................
TEMPERATURE (F)
RECORD
 HIGH              99   04/29/2013
                        04/22/2012
                        04/27/2000
 LOW               31   04/02/1975
                        04/03/1955
                        04/04/1945
HIGHEST            95   04/30        93       2       93  04/21
LOWEST             49   04/15        44       5       43  04/03
                        04/04
AVG. MAXIMUM     80.0              78.3     1.7     80.9
AVG. MINIMUM     57.6              56.1     1.5     58.9
MEAN             68.8              67.2     1.6     69.9
DAYS MAX >= 90      3               3.1    -0.1        6
DAYS MAX <= 32      0               0.0     0.0        0
DAYS MIN <= 32      0               0.0     0.0        0
DAYS MIN <= 0       0               0.0     0.0        0

PRECIPITATION (INCHES)
RECORD
 MAXIMUM         2.44   1965
 MINIMUM         0.00   2011
                        2008
                        2002
TOTALS           0.26              0.15    0.11        T
DAILY AVG.       0.01              0.01    0.00        T
DAYS >= .01         1               1.6    -0.6        0
DAYS >= .10         1               0.4     0.6        0
DAYS >= .50         0               0.1    -0.1        0
DAYS >= 1.00        0               0.0     0.0        0
GREATEST
 24 HR. TOTAL    0.26   04/25 TO 04/25
                        04/24 TO 04/25
                        04/25 TO 04/25

SNOWFALL (INCHES)
RECORDS
 TOTAL            0.0   2002
                        2001
                        2000
 24 HR TOTAL      0.0
TOTALS            0.0               0.0     0.0      0.0
SINCE 7/1           T
SNOWDEPTH AVG.      0
DAYS >= TRACE       0
DAYS >= 1.0         0
GREATEST
 SNOW DEPTH         0
 24 HR TOTAL      0.0   04/30 TO 04/30
 STORM TOTAL       MM
 (MM/DD(HH))

DEGREE_DAYS
HEATING TOTAL      26                63     -37       40
 SINCE 7/1       1209              1943    -734     1511
COOLING TOTAL     147               129      18      193
 SINCE 1/1        295               160     135      227

FREEZE DATES
RECORD
 EARLIEST     10/21/1949
 LATEST       04/12/1967
EARLIEST                        11/25
LATEST                          02/28
.................................................................

WIND (MPH)
AVERAGE WIND SPEED              10.9
HIGHEST WIND SPEED/DIRECTION    39/330    DATE  04/14
HIGHEST GUST SPEED/DIRECTION    55/340    DATE  04/14

SKY COVER
POSSIBLE SUNSHINE (PERCENT)   MM
AVERAGE SKY COVER           0.30
NUMBER OF DAYS FAIR           21
NUMBER OF DAYS PC              8
NUMBER OF DAYS CLOUDY          1

AVERAGE RH (PERCENT)     19

WEATHER CONDITIONS. NUMBER OF DAYS WITH
THUNDERSTORM              0     MIXED PRECIP               0
HEAVY RAIN                0     RAIN                       1
LIGHT RAIN                1     FREEZING RAIN              0
LT FREEZING RAIN          0     HAIL                       0
HEAVY SNOW                0     SNOW                       0
LIGHT SNOW                0     SLEET                      0
FOG                       0     FOG W/VIS <= 1/4 MILE      0
HAZE                      1

-  INDICATES NEGATIVE NUMBERS.
R  INDICATES RECORD WAS SET OR TIED.
MM INDICATES DATA IS MISSING.
T  INDICATES TRACE AMOUNT.

$$
