000
CXUS54 KOUN 011412
CLMSPS

CLIMATE REPORT
NATIONAL WEATHER SERVICE NORMAN OK
902 AM CDT WED APR 1 2015

...................................

...THE WICHITA FALLS CLIMATE SUMMARY FOR THE MONTH OF MARCH 2015...

CLIMATE NORMAL PERIOD 1981 TO 2010
CLIMATE RECORD PERIOD 1897 TO 2015

WEATHER         OBSERVED          NORMAL  DEPART  LAST YEAR`S
                 VALUE   DATE(S)  VALUE   FROM    VALUE  DATE(S)
                                          NORMAL
................................................................
TEMPERATURE (F)
RECORD
 HIGH             100   03/27/1971
 LOW                6   03/11/1948
HIGHEST            88                88       0       89  03/31
LOWEST             16                23      -7        9  03/03
AVG. MAXIMUM     66.0              67.0    -1.0     65.1
AVG. MINIMUM     42.5              41.2     1.3     36.6
MEAN             54.3              54.1     0.2     50.8
DAYS MAX >= 90      0               0.7    -0.7        0
DAYS MAX <= 32      0               0.1    -0.1        2
DAYS MIN <= 32      6               4.9     1.1        9
DAYS MIN <= 0       0               0.0     0.0        0

PRECIPITATION (INCHES)
RECORD
 MAXIMUM         6.29   1999
 MINIMUM         0.00   1904
TOTALS           1.78              2.20   -0.42     2.18
DAILY AVG.       0.06              0.07   -0.01     0.07
DAYS >= .01         9               6.7     2.3        4
DAYS >= .10         6               3.7     2.3        2
DAYS >= .50         0               1.5    -1.5        1
DAYS >= 1.00        0               0.5    -0.5        1
GREATEST
 24 HR. TOTAL    0.47   03/31 TO 03/31

SNOWFALL (INCHES)
TOTALS            1.8               0.5     1.3
SINCE 7/1         6.5               3.9     2.6

DEGREE_DAYS
HEATING TOTAL     343               357     -14
 SINCE 7/1       2782              2803     -21
COOLING TOTAL      17                19      -2
 SINCE 1/1         17                22      -5
.................................................................

WIND (MPH)
AVERAGE WIND SPEED              9.5
HIGHEST WIND SPEED/DIRECTION    44/310    DATE  03/31
HIGHEST GUST SPEED/DIRECTION    56/360    DATE  03/25


WEATHER CONDITIONS. NUMBER OF DAYS WITH
THUNDERSTORM              0     MIXED PRECIP               0
HEAVY RAIN                3     RAIN                       6
LIGHT RAIN               12     FREEZING RAIN              1
LT FREEZING RAIN          2     HAIL                       0
HEAVY SNOW                0     SNOW                       1
LIGHT SNOW                1     SLEET                      1
FOG                      18     FOG W/VIS <= 1/4 MILE      5
HAZE                      9

-  INDICATES NEGATIVE NUMBERS.
R  INDICATES RECORD WAS SET OR TIED.
MM INDICATES DATA IS MISSING.
T  INDICATES TRACE AMOUNT.
.............................................................
RECORDS/REMARKS

RECORD COOLEST MINIMUM TEMPERATURES OF 16 DEGREES TIED ON THE 5TH.
RECORD SNOWFALL OF 1.8 INCHES ON THE 4TH.
THE JANUARY THROUGH MARCH 2014 TOTAL PRECIPITATION IS 4.38 INCHES.

$$
