000
CXUS53 KGRB 021304 CCA
CLSAUW

SEASONAL CLIMATE REPORT
NATIONAL WEATHER SERVICE GREEN BAY
705 AM CST MON MAR 2 2015

...THE WAUSAU WI WINTER CLIMATE SUMMARY FROM 12/1/2014 TO
2/28/2015...

CLIMATE NORMAL PERIOD 1981 TO 2010
CLIMATE RECORD PERIOD 1896 TO 2015

WEATHER         OBSERVED          NORMAL  DEPART  LAST YEAR`S
                 VALUE   DATE(S)  VALUE   FROM    VALUE  DATE(S)
                                          NORMAL
................................................................
TEMPERATURE (F)
RECORD
 HIGH              61   12/05/2001
                        12/02/1982
 LOW              -40   01/30/1951
                        01/18/1948
                        02/10/1899
HIGHEST            43   12/15        49      -6       41  12/28
LOWEST            -19   01/13       -22       3      -26  01/06
AVG. MAXIMUM     21.7              25.9    -4.2     16.7
AVG. MINIMUM      7.3               9.1    -1.8     -1.4
MEAN             14.5              17.5    -3.0      7.7
DAYS MAX >= 90      0               0.0     0.0        0
DAYS MAX <= 32     74              63.0    11.0       80
DAYS MIN <= 32     87              87.8    -0.8       90
DAYS MIN <= 0      33              24.1     8.9       54

PRECIPITATION (INCHES)
RECORD
 MAXIMUM         6.60   1937
 MINIMUM         1.07   1963
TOTALS           2.15              3.30   -1.15     4.51
DAILY AVG.       0.03              0.04   -0.01     0.05
DAYS >= .01        22              27.5    -5.5       38
DAYS >= .10         8               9.9    -1.9       15
DAYS >= .50         0               1.0    -1.0        1
DAYS >= 1.00        0               0.2    -0.2        0

SNOWFALL (INCHES)
RECORDS
 TOTAL           64.5   2014
 24 HR TOTAL       MM
TOTALS           23.8              37.0   -13.2     64.5
SINCE 7/1        44.0              45.3    -1.3     69.6
DAYS >= TRACE      48              27.7    20.3       58
DAYS >= 1.0        10              12.0    -2.0       27
GREATEST
 SNOW DEPTH        11   02/25                         27  02/17
                        02/23
                        02/24
 24 HR TOTAL      4.0   12/27

DEGREE_DAYS
HEATING TOTAL    4497              4278     219     5137
 SINCE 7/1       6580              6136     444     6947
COOLING TOTAL       0                 0       0        0
 SINCE 1/1          0                 0       0        0

FREEZE DATES
RECORD
 EARLIEST     08/30/1915
 LATEST       06/12/1903
EARLIEST                        10/02
LATEST                          05/05
.................................................................

WIND (MPH)
AVERAGE WIND SPEED              7.7
RESULTANT WIND SPEED/DIRECTION   3/287
HIGHEST WIND SPEED/DIRECTION    32/280    DATE  02/24
HIGHEST GUST SPEED/DIRECTION    42/280    DATE  02/24

SKY COVER
POSSIBLE SUNSHINE (PERCENT)   MM
AVERAGE SKY COVER           0.60
NUMBER OF DAYS FAIR           24
NUMBER OF DAYS PC             24
NUMBER OF DAYS CLOUDY         42

AVERAGE RH (PERCENT)     75

WEATHER CONDITIONS. NUMBER OF DAYS WITH
THUNDERSTORM              0     MIXED PRECIP               0
HEAVY RAIN                0     RAIN                       0
LIGHT RAIN                3     FREEZING RAIN              0
LT FREEZING RAIN          1     HAIL                       0
HEAVY SNOW                1     SNOW                       4
LIGHT SNOW               46     SLEET                      0
FOG                      51     FOG W/VIS <= 1/4 MILE      7
HAZE                     31

-  INDICATES NEGATIVE NUMBERS.
R  INDICATES RECORD WAS SET OR TIED.
MM INDICATES DATA IS MISSING.
T  INDICATES TRACE AMOUNT.

$$
ECKBERG
