000
CXUS53 KDDC 020134
CLSP28


CLIMATE REPORT
NATIONAL WEATHER SERVICE DODGE CITY KS
714 PM CST SUN MAR 1 2015

...................................

...THE MEDICINE LODGE KS CLIMATE SUMMARY FOR THE SEASON, FROM
12/1/2014 TO 2/28/2015...

CLIMATE NORMAL PERIOD 1981 TO 2010
CLIMATE RECORD PERIOD 1893 TO 2015

WEATHER         OBSERVED          NORMAL  DEPART  LAST YEAR`S
                 VALUE   DATE(S)  VALUE   FROM    VALUE  DATE(S)
                                          NORMAL
................................................................
TEMPERATURE (F)
RECORD
 HIGH              91   02/23/1904
 LOW              -22   02/13/1905
HIGHEST            82   01/27        MM      MM       74  02/18
LOWEST              6   01/05        MM      MM       -8  01/06
AVG. MAXIMUM     46.4              47.3    -0.9     43.9
AVG. MINIMUM     23.7              23.4     0.3     18.6
MEAN             35.1              35.3    -0.2     31.2
DAYS MAX >= 90      0               0.0     0.0        0
DAYS MAX <= 32     13              12.2     0.8       25
DAYS MIN <= 32     71              76.1    -5.1       82
DAYS MIN <= 0       0               0.2    -0.2        2

PRECIPITATION (INCHES)
RECORD
 MAXIMUM         8.23   2012
 MINIMUM         0.03   1904
TOTALS           2.16              2.67   -0.51     1.46
DAILY AVG.       0.02              0.03   -0.01     0.02
DAYS >= .01        22              14.1     7.9       14
DAYS >= .10         7               6.5     0.5        2
DAYS >= .50         1               1.8    -0.8        1
DAYS >= 1.00        0               0.3    -0.3        0
GREATEST
 24 HR. TOTAL    0.52   01/30 TO 01/31           02/03 TO 02/04

SNOWFALL (INCHES)
RECORDS
 TOTAL           24.6   2003
 24 HR TOTAL     14.0   02/21/1971
 SNOW DEPTH      15.0   02/22/2013
TOTALS           10.4               8.2     2.2     21.5
SINCE 7/1        12.9               8.4     4.5     23.0
DAYS >= TRACE       8               3.9     4.1       11
DAYS >= 1.0         3               2.4     0.6        6
GREATEST
 SNOW DEPTH         4   02/28                         10  02/05
 24 HR TOTAL      3.0   02/28 TO 02/28           02/04 TO 02/04

DEGREE_DAYS
HEATING TOTAL    2669              2671      -2     3013
 SINCE 7/1       3574              3529      45     3951
COOLING TOTAL       0                 0       0        0
 SINCE 1/1          0                 0       0        0

.....................................................

WIND (MPH)
AVERAGE WIND SPEED              8.8
RESULTANT WIND SPEED/DIRECTION   2/022
HIGHEST WIND SPEED/DIRECTION    37/010    DATE  02/26
HIGHEST GUST SPEED/DIRECTION    51/360    DATE  01/03

AVERAGE RH (PERCENT)     67


-  INDICATES NEGATIVE NUMBERS.
R  INDICATES RECORD WAS SET OR TIED.
MM INDICATES DATA IS MISSING.
T  INDICATES TRACE AMOUNT.

$$
