000
CDUS43 KDMX 280710 RRA
CLIALO

CLIMATE REPORT
NATIONAL WEATHER SERVICE DES MOINES IA
209 AM CDT TUE APR 28 2015


...................................

...THE WATERLOO IA CLIMATE SUMMARY FOR APRIL 27 2015...

CLIMATE NORMAL PERIOD 1981 TO 2010
CLIMATE RECORD PERIOD 1895 TO 2015


WEATHER ITEM   OBSERVED TIME   RECORD YEAR NORMAL DEPARTURE LAST
                VALUE   (LST)  VALUE       VALUE  FROM      YEAR
                                                  NORMAL
..................................................................
TEMPERATURE (F)
 YESTERDAY
  MAXIMUM         68    415 PM  89    1981  66      2       62
  MINIMUM         30    517 AM  24    1928  42    -12       39
  AVERAGE         49                        54     -5       51

PRECIPITATION (IN)
  YESTERDAY        0.00          0.98 2002   0.14  -0.14     0.94
  MONTH TO DATE    3.38                      3.27   0.11     6.68
  SINCE MAR 1      3.98                      5.33  -1.35     8.18
  SINCE JAN 1      6.02                      7.15  -1.13    10.81

SNOWFALL (IN)
  YESTERDAY        0.0           T    1979   0.1   -0.1      0.0
  MONTH TO DATE    T                         1.8   -1.8      0.4
  SINCE MAR 1      0.7                       6.4   -5.7      6.2
  SINCE JUL 1     29.2                      35.3   -6.1     57.1
  SNOW DEPTH       0

DEGREE DAYS
 HEATING
  YESTERDAY       16                        12      4       14
  MONTH TO DATE  421                       459    -38      500
  SINCE MAR 1   1330                      1365    -35     1632
  SINCE JUL 1   7091                      6784    307     8040

 COOLING
  YESTERDAY        0                         0      0        0
  MONTH TO DATE    0                         0      0        2
  SINCE MAR 1      0                         0      0        2
  SINCE JAN 1      0                         0      0        2
..................................................................


WIND (MPH)
  HIGHEST WIND SPEED    16   HIGHEST WIND DIRECTION     N (10)
  HIGHEST GUST SPEED    28   HIGHEST GUST DIRECTION     N (20)
  AVERAGE WIND SPEED     5.1


SKY COVER
  POSSIBLE SUNSHINE  MM
  AVERAGE SKY COVER 0.0


WEATHER CONDITIONS
 THE FOLLOWING WEATHER WAS RECORDED YESTERDAY.
  NO SIGNIFICANT WEATHER WAS OBSERVED.


RELATIVE HUMIDITY (PERCENT)
 HIGHEST    82          1200 AM
 LOWEST     27           400 PM
 AVERAGE    55

..........................................................


THE WATERLOO IA CLIMATE NORMALS FOR TODAY
                         NORMAL    RECORD    YEAR
 MAXIMUM TEMPERATURE (F)   66        89      1970
 MINIMUM TEMPERATURE (F)   42        25      1950


SUNRISE AND SUNSET
APRIL 28 2015.........SUNRISE   609 AM CDT   SUNSET   806 PM CDT
APRIL 29 2015.........SUNRISE   607 AM CDT   SUNSET   807 PM CDT


-  INDICATES NEGATIVE NUMBERS.
R  INDICATES RECORD WAS SET OR TIED.
MM INDICATES DATA IS MISSING.
T  INDICATES TRACE AMOUNT.




$$
