000
CDUS43 KGRR 302124
CLIBIV


CLIMATE REPORT
NATIONAL WEATHER SERVICE GRAND RAPIDS, MI
524 PM EDT THU APR 30 2015


...................................

...THE HOLLAND/TULIP CITY MI CLIMATE SUMMARY FOR APRIL 30 2015...
VALID TODAY AS OF 0500 PM LOCAL TIME.

CLIMATE NORMAL PERIOD 1981 TO 2010
CLIMATE RECORD PERIOD 1996 TO 2015


WEATHER ITEM   OBSERVED TIME   NORMAL DEPARTURE LAST
                VALUE   (LST)  VALUE  FROM      YEAR
                                      NORMAL
......................................................
TEMPERATURE (F)
 TODAY
  MAXIMUM         53    344 PM  64    -11       59
  MINIMUM         40    444 AM  44     -4       41
  AVERAGE         47            54     -7       50

PRECIPITATION (IN)
  TODAY            0.00          0.17  -0.17     0.01
  MONTH TO DATE    3.92          3.25   0.67     2.40
  SINCE MAR 1      4.54          5.52  -0.98     3.54
  SINCE JAN 1      6.02          9.41  -3.39     7.50

DEGREE DAYS
 HEATING
  TODAY           18            12      6       15
  MONTH TO DATE  493           505    -12      513
  SINCE MAR 1   1470          1379     91     1639
  SINCE JUL 1   6437          5879    558     6797

 COOLING
  TODAY            0             0      0        0
  MONTH TO DATE    0             4     -4        0
  SINCE MAR 1      0             4     -4        0
  SINCE JAN 1      0             4     -4        0
......................................................


WIND (MPH)
  RESULTANT WIND SPEED   5   RESULTANT WIND DIRECTION   N (340)
  HIGHEST WIND SPEED    16   HIGHEST WIND DIRECTION    NW (300)
  HIGHEST GUST SPEED    24   HIGHEST GUST DIRECTION    NW (310)
  AVERAGE WIND SPEED     7.2


SKY COVER
  AVERAGE SKY COVER 0.3


WEATHER CONDITIONS
 THE FOLLOWING WEATHER WAS RECORDED TODAY.
  NO SIGNIFICANT WEATHER WAS OBSERVED.


RELATIVE HUMIDITY (PERCENT)
 HIGHEST    70           600 AM
 LOWEST     54           300 PM
 AVERAGE    62

..........................................................


THE HOLLAND/TULIP CITY MI CLIMATE NORMALS FOR TOMORROW
                         NORMAL
 MAXIMUM TEMPERATURE (F)   64
 MINIMUM TEMPERATURE (F)   44


SUNRISE AND SUNSET
APRIL 30 2015.........SUNRISE   641 AM EDT   SUNSET   844 PM EDT
MAY  1 2015...........SUNRISE   639 AM EDT   SUNSET   845 PM EDT


-  INDICATES NEGATIVE NUMBERS.
R  INDICATES RECORD WAS SET OR TIED.
MM INDICATES DATA IS MISSING.
T  INDICATES TRACE AMOUNT.




$$
