000
CDUS43 KGRR 031339
CLIBIV


CLIMATE REPORT
NATIONAL WEATHER SERVICE GRAND RAPIDS, MI
938 AM EDT SUN MAY 3 2015


...................................

...THE HOLLAND/TULIP CITY MI CLIMATE SUMMARY FOR MAY 3 2015...
VALID AS OF 0900 AM LOCAL TIME.

CLIMATE NORMAL PERIOD 1981 TO 2010
CLIMATE RECORD PERIOD 1996 TO 2015


WEATHER ITEM   OBSERVED TIME   NORMAL DEPARTURE LAST
                VALUE   (LST)  VALUE  FROM      YEAR
                                      NORMAL
......................................................
TEMPERATURE (F)
 TODAY
  MAXIMUM         65    759 AM  65      0       58
  MINIMUM         53    228 AM  45      8       44
  AVERAGE         59            54      5       51

PRECIPITATION (IN)
  TODAY            0.00          0.12  -0.12     0.09
  MONTH TO DATE    0.00          0.35  -0.35     0.24
  SINCE MAR 1      4.54          5.87  -1.33     3.78
  SINCE JAN 1      6.02          9.76  -3.74     7.74

DEGREE DAYS
 HEATING
  TODAY            6            11     -5       14
  MONTH TO DATE   30            33     -3       52
  SINCE MAR 1   1500          1412     88     1691
  SINCE JUL 1   6467          5912    555     6849

 COOLING
  TODAY            0             0      0        0
  MONTH TO DATE    0             0      0        0
  SINCE MAR 1      0             4     -4        0
  SINCE JAN 1      0             4     -4        0
......................................................


WIND (MPH)
  RESULTANT WIND SPEED   8   RESULTANT WIND DIRECTION  SW (210)
  HIGHEST WIND SPEED    15   HIGHEST WIND DIRECTION    SW (220)
  HIGHEST GUST SPEED    22   HIGHEST GUST DIRECTION    SW (210)
  AVERAGE WIND SPEED     9.0


SKY COVER
  AVERAGE SKY COVER 0.3


WEATHER CONDITIONS
 THE FOLLOWING WEATHER WAS RECORDED TODAY.
  NO SIGNIFICANT WEATHER WAS OBSERVED.


RELATIVE HUMIDITY (PERCENT)
 HIGHEST    54          1200 AM
 LOWEST     44           800 AM
 AVERAGE    49

..........................................................


THE HOLLAND/TULIP CITY MI CLIMATE NORMALS FOR TOMORROW
                         NORMAL
 MAXIMUM TEMPERATURE (F)   65
 MINIMUM TEMPERATURE (F)   45


SUNRISE AND SUNSET
MAY  3 2015...........SUNRISE   637 AM EDT   SUNSET   847 PM EDT
MAY  4 2015...........SUNRISE   635 AM EDT   SUNSET   848 PM EDT


-  INDICATES NEGATIVE NUMBERS.
R  INDICATES RECORD WAS SET OR TIED.
MM INDICATES DATA IS MISSING.
T  INDICATES TRACE AMOUNT.




$$

JAM
