000
CDUS43 KGRR 100556
CLIGRR


CLIMATE REPORT
NATIONAL WEATHER SERVICE GRAND RAPIDS, MI
155 AM EDT FRI APR 10 2015


...................................

...THE GRAND RAPIDS MI CLIMATE SUMMARY FOR APRIL 9 2015...

CLIMATE NORMAL PERIOD 1981 TO 2010
CLIMATE RECORD PERIOD 1892 TO 2015


WEATHER ITEM   OBSERVED TIME   RECORD YEAR NORMAL DEPARTURE LAST
                VALUE   (LST)  VALUE       VALUE  FROM      YEAR
                                                  NORMAL
..................................................................
TEMPERATURE (F)
 YESTERDAY
  MAXIMUM         66   1133 PM  79    1931  55     11       58
  MINIMUM         37    209 AM  18    1997  35      2       34
  AVERAGE         52                        45      7       46

PRECIPITATION (IN)
  YESTERDAY        2.05R         1.38 1991   0.11   1.94     0.00
  MONTH TO DATE    2.40                      0.95   1.45     0.56
  SINCE MAR 1      3.45                      3.32   0.13     2.10
  SINCE JAN 1      6.49                      7.20  -0.71     7.90

SNOWFALL (IN)
  YESTERDAY        0.0           4.4  1973   0.1   -0.1      0.0
  MONTH TO DATE    T                         1.0   -1.0       T
  SINCE MAR 1      3.2                       9.3   -6.1      6.4
  SINCE JUL 1     78.0                      74.1    3.9    114.2
  SNOW DEPTH       0

DEGREE DAYS
 HEATING
  YESTERDAY       13                        20     -7       19
  MONTH TO DATE  182                       192    -10      205
  SINCE MAR 1   1186                      1102     84     1388
  SINCE JUL 1   6488                      5879    609     6669

 COOLING
  YESTERDAY        0                         0      0        0
  MONTH TO DATE    0                         0      0        0
  SINCE MAR 1      0                         1     -1        0
  SINCE JAN 1      0                         1     -1        0
..................................................................


WIND (MPH)
  RESULTANT WIND SPEED   9   RESULTANT WIND DIRECTION  SE (120)
  HIGHEST WIND SPEED    28   HIGHEST WIND DIRECTION     W (290)
  HIGHEST GUST SPEED    40   HIGHEST GUST DIRECTION     W (290)
  AVERAGE WIND SPEED    11.3


SKY COVER
  POSSIBLE SUNSHINE   3 PERCENT
  AVERAGE SKY COVER 1.0


WEATHER CONDITIONS
 THE FOLLOWING WEATHER WAS RECORDED YESTERDAY.
  THUNDERSTORM
  HEAVY RAIN
  RAIN
  LIGHT RAIN
  HAIL
  FOG


RELATIVE HUMIDITY (PERCENT)
 HIGHEST   100          1100 AM
 LOWEST     84          1000 PM
 AVERAGE    92

..........................................................


THE GRAND RAPIDS MI CLIMATE NORMALS FOR TODAY
                         NORMAL    RECORD    YEAR
 MAXIMUM TEMPERATURE (F)   56        85      2011
 MINIMUM TEMPERATURE (F)   36        15      1989


SUNRISE AND SUNSET
APRIL 10 2015.........SUNRISE   709 AM EDT   SUNSET   818 PM EDT
APRIL 11 2015.........SUNRISE   708 AM EDT   SUNSET   820 PM EDT


-  INDICATES NEGATIVE NUMBERS.
R  INDICATES RECORD WAS SET OR TIED.
MM INDICATES DATA IS MISSING.
T  INDICATES TRACE AMOUNT.




$$
