000
CDUS43 KGRR 220519
CLIGRR


CLIMATE REPORT
NATIONAL WEATHER SERVICE GRAND RAPIDS, MI
119 AM EDT WED APR 22 2015


...................................

...THE GRAND RAPIDS MI CLIMATE SUMMARY FOR APRIL 21 2015...

CLIMATE NORMAL PERIOD 1981 TO 2010
CLIMATE RECORD PERIOD 1892 TO 2015


WEATHER ITEM   OBSERVED TIME   RECORD YEAR NORMAL DEPARTURE LAST
                VALUE   (LST)  VALUE       VALUE  FROM      YEAR
                                                  NORMAL
..................................................................
TEMPERATURE (F)
 YESTERDAY
  MAXIMUM         46    404 PM  84    1985  61    -15       78
  MINIMUM         39   1159 PM  22    1953  40     -1       55
  AVERAGE         43                        50     -7       67

PRECIPITATION (IN)
  YESTERDAY        0.01          1.71 1967   0.11  -0.10     0.19
  MONTH TO DATE    4.06                      2.34   1.72     1.81
  SINCE MAR 1      5.11                      4.71   0.40     3.35
  SINCE JAN 1      8.15                      8.59  -0.44     9.15

SNOWFALL (IN)
  YESTERDAY        T             2.0  1924   0.0    0.0      0.0
  MONTH TO DATE    T                         1.7   -1.7      1.8
  SINCE MAR 1      3.2                      10.0   -6.8      8.2
  SINCE JUL 1     78.0                      74.8    3.2    116.0
  SNOW DEPTH       0

DEGREE DAYS
 HEATING
  YESTERDAY       22                        15      7        0
  MONTH TO DATE  343                       398    -55      386
  SINCE MAR 1   1347                      1308     39     1569
  SINCE JUL 1   6649                      6085    564     6850

 COOLING
  YESTERDAY        0                         0      0        2
  MONTH TO DATE    0                         0      0        2
  SINCE MAR 1      0                         1     -1        2
  SINCE JAN 1      0                         1     -1        2
..................................................................


WIND (MPH)
  RESULTANT WIND SPEED  20   RESULTANT WIND DIRECTION   W (250)
  HIGHEST WIND SPEED    36   HIGHEST WIND DIRECTION    SW (240)
  HIGHEST GUST SPEED    43   HIGHEST GUST DIRECTION    SW (240)
  AVERAGE WIND SPEED    20.2


SKY COVER
  POSSIBLE SUNSHINE  11 PERCENT
  AVERAGE SKY COVER 1.0


WEATHER CONDITIONS
 THE FOLLOWING WEATHER WAS RECORDED YESTERDAY.
  LIGHT RAIN


RELATIVE HUMIDITY (PERCENT)
 HIGHEST    76           500 AM
 LOWEST     53           300 PM
 AVERAGE    65

..........................................................


THE GRAND RAPIDS MI CLIMATE NORMALS FOR TODAY
                         NORMAL    RECORD    YEAR
 MAXIMUM TEMPERATURE (F)   61        86      1980
 MINIMUM TEMPERATURE (F)   40        24      1986
                                             1950


SUNRISE AND SUNSET
APRIL 22 2015.........SUNRISE   650 AM EDT   SUNSET   832 PM EDT
APRIL 23 2015.........SUNRISE   648 AM EDT   SUNSET   833 PM EDT


-  INDICATES NEGATIVE NUMBERS.
R  INDICATES RECORD WAS SET OR TIED.
MM INDICATES DATA IS MISSING.
T  INDICATES TRACE AMOUNT.




$$
