000
CDUS43 KGRR 060519
CLIGRR


CLIMATE REPORT
NATIONAL WEATHER SERVICE GRAND RAPIDS, MI
115 AM EDT WED MAY 6 2015


...................................

...THE GRAND RAPIDS MI CLIMATE SUMMARY FOR MAY 5 2015...

CLIMATE NORMAL PERIOD 1981 TO 2010
CLIMATE RECORD PERIOD 1892 TO 2015


WEATHER ITEM   OBSERVED TIME   RECORD YEAR NORMAL DEPARTURE LAST
                VALUE   (LST)  VALUE       VALUE  FROM      YEAR
                                                  NORMAL
..................................................................
TEMPERATURE (F)
 YESTERDAY
  MAXIMUM         57   1218 AM  89    1959  66     -9       57
  MINIMUM         49    215 PM  28    1983  44      5       41
  AVERAGE         53                        55     -2       49

PRECIPITATION (IN)
  YESTERDAY        0.31          1.73 1976   0.12   0.19      T
  MONTH TO DATE    0.62                      0.61   0.01     0.38
  SINCE MAR 1      5.74                      6.33  -0.59     4.54
  SINCE JAN 1      8.78                     10.21  -1.43    10.34

SNOWFALL (IN)
  YESTERDAY        0.0           0.3  1954   0.0    0.0      0.0
  MONTH TO DATE    0.0                       0.0    0.0      0.0
  SINCE MAR 1      3.3                      10.1   -6.8      8.2
  SINCE JUL 1     78.1                      74.9    3.2    116.0
  SNOW DEPTH       0

DEGREE DAYS
 HEATING
  YESTERDAY       12                        10      2       16
  MONTH TO DATE   26                        55    -29       81
  SINCE MAR 1   1541                      1483     58     1781
  SINCE JUL 1   6843                      6260    583     7062

 COOLING
  YESTERDAY        0                         1     -1        0
  MONTH TO DATE    1                         1      0        0
  SINCE MAR 1      1                         9     -8        2
  SINCE JAN 1      1                         9     -8        2
..................................................................


WIND (MPH)
  RESULTANT WIND SPEED  10   RESULTANT WIND DIRECTION   E (70)
  HIGHEST WIND SPEED    18   HIGHEST WIND DIRECTION     E (80)
  HIGHEST GUST SPEED    27   HIGHEST GUST DIRECTION     E (90)
  AVERAGE WIND SPEED    10.3


SKY COVER
  POSSIBLE SUNSHINE   3 PERCENT
  AVERAGE SKY COVER 0.8


WEATHER CONDITIONS
 THE FOLLOWING WEATHER WAS RECORDED YESTERDAY.
  RAIN
  LIGHT RAIN
  FOG


RELATIVE HUMIDITY (PERCENT)
 HIGHEST    89          1100 PM
 LOWEST     47          1200 AM
 AVERAGE    68

..........................................................


THE GRAND RAPIDS MI CLIMATE NORMALS FOR TODAY
                         NORMAL    RECORD    YEAR
 MAXIMUM TEMPERATURE (F)   66        90      1959
 MINIMUM TEMPERATURE (F)   45        25      1968


SUNRISE AND SUNSET
MAY  6 2015...........SUNRISE   630 AM EDT   SUNSET   848 PM EDT
MAY  7 2015...........SUNRISE   629 AM EDT   SUNSET   849 PM EDT


-  INDICATES NEGATIVE NUMBERS.
R  INDICATES RECORD WAS SET OR TIED.
MM INDICATES DATA IS MISSING.
T  INDICATES TRACE AMOUNT.




$$
