000
CDUS43 KGRR 230526
CLIGRR


CLIMATE REPORT
NATIONAL WEATHER SERVICE GRAND RAPIDS, MI
123 AM EDT THU APR 23 2015


...................................

...THE GRAND RAPIDS MI CLIMATE SUMMARY FOR APRIL 22 2015...

CLIMATE NORMAL PERIOD 1981 TO 2010
CLIMATE RECORD PERIOD 1892 TO 2015


WEATHER ITEM   OBSERVED TIME   RECORD YEAR NORMAL DEPARTURE LAST
                VALUE   (LST)  VALUE       VALUE  FROM      YEAR
                                                  NORMAL
..................................................................
TEMPERATURE (F)
 YESTERDAY
  MAXIMUM         40   1037 AM  86    1980  61    -21       56
  MINIMUM         33   1225 PM  24    1986  40     -7       37
                                      1950
  AVERAGE         37                        51    -14       47

PRECIPITATION (IN)
  YESTERDAY        0.01          1.72 1999   0.11  -0.10     0.00
  MONTH TO DATE    4.07                      2.45   1.62     1.81
  SINCE MAR 1      5.12                      4.82   0.30     3.35
  SINCE JAN 1      8.16                      8.70  -0.54     9.15

SNOWFALL (IN)
  YESTERDAY        0.1 R         0.1  2002   0.0    0.1      0.0
                                      1984
  MONTH TO DATE    0.1                       1.7   -1.6      1.8
  SINCE MAR 1      3.3                      10.0   -6.7      8.2
  SINCE JUL 1     78.1                      74.8    3.3    116.0
  SNOW DEPTH       0

DEGREE DAYS
 HEATING
  YESTERDAY       28                        15     13       18
  MONTH TO DATE  371                       413    -42      404
  SINCE MAR 1   1375                      1323     52     1587
  SINCE JUL 1   6677                      6100    577     6868

 COOLING
  YESTERDAY        0                         0      0        0
  MONTH TO DATE    0                         0      0        2
  SINCE MAR 1      0                         1     -1        2
  SINCE JAN 1      0                         1     -1        2
..................................................................


WIND (MPH)
  RESULTANT WIND SPEED  16   RESULTANT WIND DIRECTION   W (280)
  HIGHEST WIND SPEED    28   HIGHEST WIND DIRECTION     W (280)
  HIGHEST GUST SPEED    36   HIGHEST GUST DIRECTION    NW (300)
  AVERAGE WIND SPEED    16.1


SKY COVER
  POSSIBLE SUNSHINE   9 PERCENT
  AVERAGE SKY COVER 1.0


WEATHER CONDITIONS
 THE FOLLOWING WEATHER WAS RECORDED YESTERDAY.
  LIGHT SNOW


RELATIVE HUMIDITY (PERCENT)
 HIGHEST    75           300 PM
 LOWEST     48          1100 AM
 AVERAGE    62

..........................................................


THE GRAND RAPIDS MI CLIMATE NORMALS FOR TODAY
                         NORMAL    RECORD    YEAR
 MAXIMUM TEMPERATURE (F)   62        84      1925
                                             1915
 MINIMUM TEMPERATURE (F)   40        20      1986


SUNRISE AND SUNSET
APRIL 23 2015.........SUNRISE   648 AM EDT   SUNSET   833 PM EDT
APRIL 24 2015.........SUNRISE   647 AM EDT   SUNSET   835 PM EDT


-  INDICATES NEGATIVE NUMBERS.
R  INDICATES RECORD WAS SET OR TIED.
MM INDICATES DATA IS MISSING.
T  INDICATES TRACE AMOUNT.




$$
