000
CDUS43 KGRR 141341
CLIGRR


CLIMATE REPORT
NATIONAL WEATHER SERVICE GRAND RAPIDS, MI
941 AM EDT TUE APR 14 2015


...................................

...THE GRAND RAPIDS MI CLIMATE SUMMARY FOR APRIL 14 2015...
VALID AS OF 0900 AM LOCAL TIME.

CLIMATE NORMAL PERIOD 1981 TO 2010
CLIMATE RECORD PERIOD 1892 TO 2015


WEATHER ITEM   OBSERVED TIME   RECORD YEAR NORMAL DEPARTURE LAST
                VALUE   (LST)  VALUE       VALUE  FROM      YEAR
                                                  NORMAL
..................................................................
TEMPERATURE (F)
 TODAY
  MAXIMUM         49    759 AM  80    2006  58     -9       65
                                      1941
  MINIMUM         34    637 AM  21    1953  37     -3       27
                                      1943
  AVERAGE         42                        48     -6       46

PRECIPITATION (IN)
  TODAY            0.00          1.07 1987   0.11  -0.11     0.27
  MONTH TO DATE    3.18                      1.53   1.65     1.61
  SINCE MAR 1      4.23                      3.90   0.33     3.15
  SINCE JAN 1      7.27                      7.78  -0.51     8.95

SNOWFALL (IN)
  TODAY            0.0           1.6  2014   0.1   -0.1      1.6
  MONTH TO DATE    T                         1.4   -1.4      1.6
  SINCE MAR 1      3.2                       9.7   -6.5      8.0
  SINCE JUL 1     78.0                      74.5    3.5    115.8
  SNOW DEPTH       0

DEGREE DAYS
 HEATING
  TODAY           23                        18      5       19
  MONTH TO DATE  267                       284    -17      267
  SINCE MAR 1   1271                      1194     77     1450
  SINCE JUL 1   6573                      5971    602     6731

 COOLING
  TODAY            0                         0      0        0
  MONTH TO DATE    0                         0      0        0
  SINCE MAR 1      0                         1     -1        0
  SINCE JAN 1      0                         1     -1        0
..................................................................


WIND (MPH)
  RESULTANT WIND SPEED   3   RESULTANT WIND DIRECTION  SW (220)
  HIGHEST WIND SPEED    10   HIGHEST WIND DIRECTION     W (270)
  HIGHEST GUST SPEED    12   HIGHEST GUST DIRECTION     W (280)
  AVERAGE WIND SPEED     4.0


SKY COVER
  AVERAGE SKY COVER 0.1


WEATHER CONDITIONS
 THE FOLLOWING WEATHER WAS RECORDED TODAY.
  NO SIGNIFICANT WEATHER WAS OBSERVED.


RELATIVE HUMIDITY (PERCENT)
 HIGHEST    82           600 AM
 LOWEST     53           100 AM
 AVERAGE    68

..........................................................


THE GRAND RAPIDS MI CLIMATE NORMALS FOR TOMORROW
                         NORMAL    RECORD    YEAR
 MAXIMUM TEMPERATURE (F)   58        84      2003
                                             2002
 MINIMUM TEMPERATURE (F)   38        18      1943


SUNRISE AND SUNSET
APRIL 14 2015.........SUNRISE   703 AM EDT   SUNSET   823 PM EDT
APRIL 15 2015.........SUNRISE   701 AM EDT   SUNSET   824 PM EDT


-  INDICATES NEGATIVE NUMBERS.
R  INDICATES RECORD WAS SET OR TIED.
MM INDICATES DATA IS MISSING.
T  INDICATES TRACE AMOUNT.




$$
