000
CDUS43 KGRR 160511
CLIGRR


CLIMATE REPORT
NATIONAL WEATHER SERVICE GRAND RAPIDS, MI
111 AM EDT THU APR 16 2015


...................................

...THE GRAND RAPIDS MI CLIMATE SUMMARY FOR APRIL 15 2015...

CLIMATE NORMAL PERIOD 1981 TO 2010
CLIMATE RECORD PERIOD 1892 TO 2015


WEATHER ITEM   OBSERVED TIME   RECORD YEAR NORMAL DEPARTURE LAST
                VALUE   (LST)  VALUE       VALUE  FROM      YEAR
                                                  NORMAL
..................................................................
TEMPERATURE (F)
 YESTERDAY
  MAXIMUM         66    502 PM  84    2003  58      8       35
                                      2002
  MINIMUM         39    547 AM  18    1943  38      1       25
  AVERAGE         53                        48      5       30

PRECIPITATION (IN)
  YESTERDAY        0.00          1.40 1991   0.12  -0.12     0.01
  MONTH TO DATE    3.18                      1.65   1.53     1.62
  SINCE MAR 1      4.23                      4.02   0.21     3.16
  SINCE JAN 1      7.27                      7.90  -0.63     8.96

SNOWFALL (IN)
  YESTERDAY        0.0           4.0  1919   0.0    0.0      0.2
  MONTH TO DATE    T                         1.4   -1.4      1.8
  SINCE MAR 1      3.2                       9.7   -6.5      8.2
  SINCE JUL 1     78.0                      74.5    3.5    116.0
  SNOW DEPTH       0

DEGREE DAYS
 HEATING
  YESTERDAY       12                        17     -5       35
  MONTH TO DATE  270                       301    -31      302
  SINCE MAR 1   1274                      1211     63     1485
  SINCE JUL 1   6576                      5988    588     6766

 COOLING
  YESTERDAY        0                         0      0        0
  MONTH TO DATE    0                         0      0        0
  SINCE MAR 1      0                         1     -1        0
  SINCE JAN 1      0                         1     -1        0
..................................................................


WIND (MPH)
  RESULTANT WIND SPEED  12   RESULTANT WIND DIRECTION   E (90)
  HIGHEST WIND SPEED    25   HIGHEST WIND DIRECTION     E (90)
  HIGHEST GUST SPEED    38   HIGHEST GUST DIRECTION     E (100)
  AVERAGE WIND SPEED    12.8


SKY COVER
  POSSIBLE SUNSHINE  96 PERCENT
  AVERAGE SKY COVER 0.5


WEATHER CONDITIONS
 THE FOLLOWING WEATHER WAS RECORDED YESTERDAY.
  NO SIGNIFICANT WEATHER WAS OBSERVED.


RELATIVE HUMIDITY (PERCENT)
 HIGHEST    50           600 AM
 LOWEST     22           200 PM
 AVERAGE    36

..........................................................


THE GRAND RAPIDS MI CLIMATE NORMALS FOR TODAY
                         NORMAL    RECORD    YEAR
 MAXIMUM TEMPERATURE (F)   59        86      2002
 MINIMUM TEMPERATURE (F)   38        21      1904


SUNRISE AND SUNSET
APRIL 16 2015.........SUNRISE   659 AM EDT   SUNSET   825 PM EDT
APRIL 17 2015.........SUNRISE   658 AM EDT   SUNSET   826 PM EDT


-  INDICATES NEGATIVE NUMBERS.
R  INDICATES RECORD WAS SET OR TIED.
MM INDICATES DATA IS MISSING.
T  INDICATES TRACE AMOUNT.




$$
