000
CDUS43 KGRR 200514
CLIGRR


CLIMATE REPORT
NATIONAL WEATHER SERVICE GRAND RAPIDS, MI
113 AM EDT MON APR 20 2015


...................................

...THE GRAND RAPIDS MI CLIMATE SUMMARY FOR APRIL 19 2015...

CLIMATE NORMAL PERIOD 1981 TO 2010
CLIMATE RECORD PERIOD 1892 TO 2015


WEATHER ITEM   OBSERVED TIME   RECORD YEAR NORMAL DEPARTURE LAST
                VALUE   (LST)  VALUE       VALUE  FROM      YEAR
                                                  NORMAL
..................................................................
TEMPERATURE (F)
 YESTERDAY
  MAXIMUM         68    159 PM  82    1985  60      8       63
  MINIMUM         42    522 AM  19    1897  39      3       33
  AVERAGE         55                        50      5       48

PRECIPITATION (IN)
  YESTERDAY        0.49          1.89 1993   0.12   0.37     0.00
  MONTH TO DATE    3.70                      2.12   1.58     1.62
  SINCE MAR 1      4.75                      4.49   0.26     3.16
  SINCE JAN 1      7.79                      8.37  -0.58     8.96

SNOWFALL (IN)
  YESTERDAY        0.0           1.0  1953   0.0    0.0      0.0
  MONTH TO DATE    T                         1.6   -1.6      1.8
  SINCE MAR 1      3.2                       9.9   -6.7      8.2
  SINCE JUL 1     78.0                      74.7    3.3    116.0
  SNOW DEPTH       0

DEGREE DAYS
 HEATING
  YESTERDAY       10                        16     -6       17
  MONTH TO DATE  305                       367    -62      378
  SINCE MAR 1   1309                      1277     32     1561
  SINCE JUL 1   6611                      6054    557     6842

 COOLING
  YESTERDAY        0                         0      0        0
  MONTH TO DATE    0                         0      0        0
  SINCE MAR 1      0                         1     -1        0
  SINCE JAN 1      0                         1     -1        0
..................................................................


WIND (MPH)
  RESULTANT WIND SPEED  17   RESULTANT WIND DIRECTION   E (90)
  HIGHEST WIND SPEED    24   HIGHEST WIND DIRECTION     E (80)
  HIGHEST GUST SPEED    32   HIGHEST GUST DIRECTION     E (100)
  AVERAGE WIND SPEED    16.9


SKY COVER
  POSSIBLE SUNSHINE  66 PERCENT
  AVERAGE SKY COVER 0.7


WEATHER CONDITIONS
 THE FOLLOWING WEATHER WAS RECORDED YESTERDAY.
  RAIN
  LIGHT RAIN
  FOG


RELATIVE HUMIDITY (PERCENT)
 HIGHEST    93          1100 PM
 LOWEST     27           200 PM
 AVERAGE    60

..........................................................


THE GRAND RAPIDS MI CLIMATE NORMALS FOR TODAY
                         NORMAL    RECORD    YEAR
 MAXIMUM TEMPERATURE (F)   60        83      1987
 MINIMUM TEMPERATURE (F)   39        13      1897


SUNRISE AND SUNSET
APRIL 20 2015.........SUNRISE   653 AM EDT   SUNSET   830 PM EDT
APRIL 21 2015.........SUNRISE   651 AM EDT   SUNSET   831 PM EDT


-  INDICATES NEGATIVE NUMBERS.
R  INDICATES RECORD WAS SET OR TIED.
MM INDICATES DATA IS MISSING.
T  INDICATES TRACE AMOUNT.




$$
