000
CDUS43 KGRR 290516
CLIGRR


CLIMATE REPORT
NATIONAL WEATHER SERVICE GRAND RAPIDS, MI
116 AM EDT WED APR 29 2015


...................................

...THE GRAND RAPIDS MI CLIMATE SUMMARY FOR APRIL 28 2015...

CLIMATE NORMAL PERIOD 1981 TO 2010
CLIMATE RECORD PERIOD 1892 TO 2015


WEATHER ITEM   OBSERVED TIME   RECORD YEAR NORMAL DEPARTURE LAST
                VALUE   (LST)  VALUE       VALUE  FROM      YEAR
                                                  NORMAL
..................................................................
TEMPERATURE (F)
 YESTERDAY
  MAXIMUM         63    319 PM  83    1901  64     -1       58
  MINIMUM         36    555 AM  24    1945  42     -6       43
  AVERAGE         50                        53     -3       51

PRECIPITATION (IN)
  YESTERDAY        0.00          1.18 1975   0.12  -0.12     0.01
  MONTH TO DATE    4.07                      3.11   0.96     2.01
  SINCE MAR 1      5.12                      5.48  -0.36     3.55
  SINCE JAN 1      8.16                      9.36  -1.20     9.35

SNOWFALL (IN)
  YESTERDAY        0.0           0.9  1961   0.0    0.0      0.0
  MONTH TO DATE    0.1                       1.8   -1.7      1.8
  SINCE MAR 1      3.3                      10.1   -6.8      8.2
  SINCE JUL 1     78.1                      74.9    3.2    116.0
  SNOW DEPTH       0

DEGREE DAYS
 HEATING
  YESTERDAY       15                        13      2       14
  MONTH TO DATE  486                       494     -8      497
  SINCE MAR 1   1490                      1404     86     1680
  SINCE JUL 1   6792                      6181    611     6961

 COOLING
  YESTERDAY        0                         0      0        0
  MONTH TO DATE    0                         0      0        2
  SINCE MAR 1      0                         1     -1        2
  SINCE JAN 1      0                         1     -1        2
..................................................................


WIND (MPH)
  RESULTANT WIND SPEED   2   RESULTANT WIND DIRECTION   W (250)
  HIGHEST WIND SPEED    16   HIGHEST WIND DIRECTION     W (260)
  HIGHEST GUST SPEED    29   HIGHEST GUST DIRECTION     W (250)
  AVERAGE WIND SPEED     5.6


SKY COVER
  POSSIBLE SUNSHINE  98 PERCENT
  AVERAGE SKY COVER 0.2


WEATHER CONDITIONS
 THE FOLLOWING WEATHER WAS RECORDED YESTERDAY.
  NO SIGNIFICANT WEATHER WAS OBSERVED.


RELATIVE HUMIDITY (PERCENT)
 HIGHEST    85           200 AM
 LOWEST     39           200 PM
 AVERAGE    62

..........................................................


THE GRAND RAPIDS MI CLIMATE NORMALS FOR TODAY
                         NORMAL    RECORD    YEAR
 MAXIMUM TEMPERATURE (F)   64        90      1899
 MINIMUM TEMPERATURE (F)   42        28      2012
                                             1979
                                             1977


SUNRISE AND SUNSET
APRIL 29 2015.........SUNRISE   639 AM EDT   SUNSET   840 PM EDT
APRIL 30 2015.........SUNRISE   638 AM EDT   SUNSET   841 PM EDT


-  INDICATES NEGATIVE NUMBERS.
R  INDICATES RECORD WAS SET OR TIED.
MM INDICATES DATA IS MISSING.
T  INDICATES TRACE AMOUNT.




$$
