000
CDUS43 KGRR 252130
CLIGRR


CLIMATE REPORT
NATIONAL WEATHER SERVICE GRAND RAPIDS, MI
528 PM EDT SAT APR 25 2015


...................................

...THE GRAND RAPIDS MI CLIMATE SUMMARY FOR APRIL 25 2015...
VALID TODAY AS OF 0500 PM LOCAL TIME.

CLIMATE NORMAL PERIOD 1981 TO 2010
CLIMATE RECORD PERIOD 1892 TO 2015


WEATHER ITEM   OBSERVED TIME   RECORD YEAR NORMAL DEPARTURE LAST
                VALUE   (LST)  VALUE       VALUE  FROM      YEAR
                                                  NORMAL
..................................................................
TEMPERATURE (F)
 TODAY
  MAXIMUM         56    359 PM  86    1915  62     -6       61
  MINIMUM         38    726 AM  22    1967  41     -3       41
  AVERAGE         47                        52     -5       51

PRECIPITATION (IN)
  TODAY            0.00          1.40 2009   0.10  -0.10     0.19
  MONTH TO DATE    4.07                      2.76   1.31     2.00
  SINCE MAR 1      5.12                      5.13  -0.01     3.54
  SINCE JAN 1      8.16                      9.01  -0.85     9.34

SNOWFALL (IN)
  TODAY            0.0           3.0  1976   0.0    0.0      0.0
  MONTH TO DATE    0.1                       1.8   -1.7      1.8
  SINCE MAR 1      3.3                      10.1   -6.8      8.2
  SINCE JUL 1     78.1                      74.9    3.2    116.0
  SNOW DEPTH       0

DEGREE DAYS
 HEATING
  TODAY           18                        14      4       14
  MONTH TO DATE  438                       455    -17      452
  SINCE MAR 1   1442                      1365     77     1635
  SINCE JUL 1   6744                      6142    602     6916

 COOLING
  TODAY            0                         0      0        0
  MONTH TO DATE    0                         0      0        2
  SINCE MAR 1      0                         1     -1        2
  SINCE JAN 1      0                         1     -1        2
..................................................................


WIND (MPH)
  RESULTANT WIND SPEED  10   RESULTANT WIND DIRECTION   E (80)
  HIGHEST WIND SPEED    21   HIGHEST WIND DIRECTION    NE (60)
  HIGHEST GUST SPEED    26   HIGHEST GUST DIRECTION     E (80)
  AVERAGE WIND SPEED    10.4


SKY COVER
  AVERAGE SKY COVER 0.9


WEATHER CONDITIONS
 THE FOLLOWING WEATHER WAS RECORDED TODAY.
  NO SIGNIFICANT WEATHER WAS OBSERVED.


RELATIVE HUMIDITY (PERCENT)
 HIGHEST    85           500 AM
 LOWEST     38           400 PM
 AVERAGE    62

..........................................................


THE GRAND RAPIDS MI CLIMATE NORMALS FOR TOMORROW
                         NORMAL    RECORD    YEAR
 MAXIMUM TEMPERATURE (F)   63        88      1915
 MINIMUM TEMPERATURE (F)   41        24      1907


SUNRISE AND SUNSET
APRIL 25 2015.........SUNRISE   645 AM EDT   SUNSET   836 PM EDT
APRIL 26 2015.........SUNRISE   644 AM EDT   SUNSET   837 PM EDT


-  INDICATES NEGATIVE NUMBERS.
R  INDICATES RECORD WAS SET OR TIED.
MM INDICATES DATA IS MISSING.
T  INDICATES TRACE AMOUNT.




$$

JAM
