000
CDUS43 KGRR 201336
CLIJXN


CLIMATE REPORT
NATIONAL WEATHER SERVICE GRAND RAPIDS, MI
935 AM EDT MON APR 20 2015


...................................

...THE JACKSON MI CLIMATE SUMMARY FOR APRIL 20 2015...
VALID AS OF 0900 AM LOCAL TIME.

CLIMATE NORMAL PERIOD 1981 TO 2010
CLIMATE RECORD PERIOD 1944 TO 9999


WEATHER ITEM   OBSERVED TIME   NORMAL DEPARTURE LAST
                VALUE   (LST)  VALUE  FROM      YEAR
                                      NORMAL
......................................................
TEMPERATURE (F)
 TODAY
  MAXIMUM         59    355 AM  61     -2       72
  MINIMUM         54    701 AM  39     15       36
  AVERAGE         57            50      7       54

PRECIPITATION (IN)
  TODAY            0.15          0.08   0.07     0.00
  MONTH TO DATE    2.09          1.73   0.36     1.50
  SINCE MAR 1      2.57          3.63  -1.06     3.41
  SINCE JAN 1      4.65          6.41  -1.76     7.69

DEGREE DAYS
 HEATING
  TODAY            8            16     -8       11
  MONTH TO DATE  286           383    -97      388
  SINCE MAR 1   1280          1293    -13     1563
  SINCE JUL 1   6784          6207    577     7127

 COOLING
  TODAY            0             0      0        0
  MONTH TO DATE    0             0      0        0
  SINCE MAR 1      0             0      0        0
  SINCE JAN 1      0             0      0        0
......................................................


WIND (MPH)
  RESULTANT WIND SPEED  14   RESULTANT WIND DIRECTION  SW (210)
  HIGHEST WIND SPEED    30   HIGHEST WIND DIRECTION    SW (220)
  HIGHEST GUST SPEED    39   HIGHEST GUST DIRECTION    SW (230)
  AVERAGE WIND SPEED    17.3


SKY COVER
  AVERAGE SKY COVER 1.0


WEATHER CONDITIONS
 THE FOLLOWING WEATHER WAS RECORDED TODAY.
  RAIN
  LIGHT RAIN
  FOG


RELATIVE HUMIDITY (PERCENT)
 HIGHEST   100          1200 AM
 LOWEST     86           500 AM
 AVERAGE    93

..........................................................


THE JACKSON MI CLIMATE NORMALS FOR TOMORROW
                         NORMAL
 MAXIMUM TEMPERATURE (F)   61
 MINIMUM TEMPERATURE (F)   39


SUNRISE AND SUNSET
APRIL 20 2015.........SUNRISE   650 AM EDT   SUNSET   825 PM EDT
APRIL 21 2015.........SUNRISE   648 AM EDT   SUNSET   826 PM EDT


-  INDICATES NEGATIVE NUMBERS.
R  INDICATES RECORD WAS SET OR TIED.
MM INDICATES DATA IS MISSING.
T  INDICATES TRACE AMOUNT.




$$
