000
CDUS43 KGRR 230526
CLILAN


CLIMATE REPORT
NATIONAL WEATHER SERVICE GRAND RAPIDS, MI
123 AM EDT THU APR 23 2015


...................................

...THE LANSING MI CLIMATE SUMMARY FOR APRIL 22 2015...

CLIMATE NORMAL PERIOD 1981 TO 2010
CLIMATE RECORD PERIOD 1864 TO 2015


WEATHER ITEM   OBSERVED TIME   RECORD YEAR NORMAL DEPARTURE LAST
                VALUE   (LST)  VALUE       VALUE  FROM      YEAR
                                                  NORMAL
..................................................................
TEMPERATURE (F)
 YESTERDAY
  MAXIMUM         39    133 AM  86    1980  61    -22       57
  MINIMUM         33   1159 PM  21    1875  39     -6       35
  AVERAGE         36                        50    -14       46

PRECIPITATION (IN)
  YESTERDAY        T             1.47 1999   0.09  -0.09      T
  MONTH TO DATE    1.27                      2.24  -0.97     0.98
  SINCE MAR 1      2.01                      4.30  -2.29     2.67
  SINCE JAN 1      4.26                      7.42  -3.16     6.59

SNOWFALL (IN)
  YESTERDAY        T             5.0  1867   0.0    0.0      0.0
  MONTH TO DATE    T                         1.7   -1.7      0.7
  SINCE MAR 1      1.9                       8.7   -6.8     11.1
  SINCE JUL 1     35.6                      50.9  -15.3     69.1
  SNOW DEPTH       0

DEGREE DAYS
 HEATING
  YESTERDAY       29                        15     14       19
  MONTH TO DATE  363                       423    -60      411
  SINCE MAR 1   1354                      1352      2     1621
  SINCE JUL 1   6848                      6287    561     7162

 COOLING
  YESTERDAY        0                         0      0        0
  MONTH TO DATE    0                         0      0        0
  SINCE MAR 1      0                         1     -1        0
  SINCE JAN 1      0                         1     -1        0
..................................................................


WIND (MPH)
  RESULTANT WIND SPEED  13   RESULTANT WIND DIRECTION   W (270)
  HIGHEST WIND SPEED    29   HIGHEST WIND DIRECTION     W (280)
  HIGHEST GUST SPEED    40   HIGHEST GUST DIRECTION     W (280)
  AVERAGE WIND SPEED    13.4


SKY COVER
  AVERAGE SKY COVER 1.0


WEATHER CONDITIONS
 THE FOLLOWING WEATHER WAS RECORDED YESTERDAY.
  LIGHT SNOW
  FOG


RELATIVE HUMIDITY (PERCENT)
 HIGHEST    89           600 AM
 LOWEST     48           100 PM
 AVERAGE    69

..........................................................


THE LANSING MI CLIMATE NORMALS FOR TODAY
                         NORMAL    RECORD    YEAR
 MAXIMUM TEMPERATURE (F)   61        86      1960
                                             1925
 MINIMUM TEMPERATURE (F)   40        21      1868


SUNRISE AND SUNSET
APRIL 23 2015.........SUNRISE   645 AM EDT   SUNSET   830 PM EDT
APRIL 24 2015.........SUNRISE   643 AM EDT   SUNSET   831 PM EDT


-  INDICATES NEGATIVE NUMBERS.
R  INDICATES RECORD WAS SET OR TIED.
MM INDICATES DATA IS MISSING.
T  INDICATES TRACE AMOUNT.




$$
