000
CDUS43 KGRR 211337
CLILAN


CLIMATE REPORT
NATIONAL WEATHER SERVICE GRAND RAPIDS, MI
936 AM EDT TUE APR 21 2015


...................................

...THE LANSING MI CLIMATE SUMMARY FOR APRIL 21 2015...
VALID AS OF 0900 AM LOCAL TIME.

CLIMATE NORMAL PERIOD 1981 TO 2010
CLIMATE RECORD PERIOD 1864 TO 2015


WEATHER ITEM   OBSERVED TIME   RECORD YEAR NORMAL DEPARTURE LAST
                VALUE   (LST)  VALUE       VALUE  FROM      YEAR
                                                  NORMAL
..................................................................
TEMPERATURE (F)
 TODAY
  MAXIMUM         42    759 AM  84    1985  60    -18       78
  MINIMUM         41    657 AM  15    1875  39      2       52
  AVERAGE         42                        50     -8       65

PRECIPITATION (IN)
  TODAY            0.00          1.20 1905   0.10  -0.10     0.16
  MONTH TO DATE    1.25                      2.15  -0.90     0.98
  SINCE MAR 1      1.99                      4.21  -2.22     2.67
  SINCE JAN 1      4.24                      7.33  -3.09     6.59

SNOWFALL (IN)
  TODAY            0.0           3.0  1868   0.0    0.0      0.0
  MONTH TO DATE    0.0                       1.7   -1.7      0.7
  SINCE MAR 1      1.9                       8.7   -6.8     11.1
  SINCE JUL 1     35.6                      50.9  -15.3     69.1
  SNOW DEPTH       0

DEGREE DAYS
 HEATING
  TODAY           23                        16      7        0
  MONTH TO DATE  334                       408    -74      392
  SINCE MAR 1   1325                      1337    -12     1602
  SINCE JUL 1   6819                      6272    547     7143

 COOLING
  TODAY            0                         0      0        0
  MONTH TO DATE    0                         0      0        0
  SINCE MAR 1      0                         1     -1        0
  SINCE JAN 1      0                         1     -1        0
..................................................................


WIND (MPH)
  RESULTANT WIND SPEED  15   RESULTANT WIND DIRECTION  SW (240)
  HIGHEST WIND SPEED    26   HIGHEST WIND DIRECTION     W (250)
  HIGHEST GUST SPEED    32   HIGHEST GUST DIRECTION     W (250)
  AVERAGE WIND SPEED    15.2


SKY COVER
  AVERAGE SKY COVER 1.0


WEATHER CONDITIONS
 THE FOLLOWING WEATHER WAS RECORDED TODAY.
  NO SIGNIFICANT WEATHER WAS OBSERVED.


RELATIVE HUMIDITY (PERCENT)
 HIGHEST    70          1200 AM
 LOWEST     62           800 AM
 AVERAGE    66

..........................................................


THE LANSING MI CLIMATE NORMALS FOR TOMORROW
                         NORMAL    RECORD    YEAR
 MAXIMUM TEMPERATURE (F)   61        86      1980
 MINIMUM TEMPERATURE (F)   39        21      1875


SUNRISE AND SUNSET
APRIL 21 2015.........SUNRISE   648 AM EDT   SUNSET   827 PM EDT
APRIL 22 2015.........SUNRISE   646 AM EDT   SUNSET   828 PM EDT


-  INDICATES NEGATIVE NUMBERS.
R  INDICATES RECORD WAS SET OR TIED.
MM INDICATES DATA IS MISSING.
T  INDICATES TRACE AMOUNT.




$$

EBW
