000
CDUS43 KGRR 130519
CLILAN


CLIMATE REPORT
NATIONAL WEATHER SERVICE GRAND RAPIDS, MI
114 AM EDT MON APR 13 2015


...................................

...THE LANSING MI CLIMATE SUMMARY FOR APRIL 12 2015...

CLIMATE NORMAL PERIOD 1981 TO 2010
CLIMATE RECORD PERIOD 1864 TO 2015


WEATHER ITEM   OBSERVED TIME   RECORD YEAR NORMAL DEPARTURE LAST
                VALUE   (LST)  VALUE       VALUE  FROM      YEAR
                                                  NORMAL
..................................................................
TEMPERATURE (F)
 YESTERDAY
  MAXIMUM         68    317 PM  83    1977  56     12       72
  MINIMUM         38    622 AM  11    1868  36      2       39
  AVERAGE         53                        46      7       56

PRECIPITATION (IN)
  YESTERDAY        T             1.25 1889   0.11  -0.11      T
  MONTH TO DATE    0.73                      1.20  -0.47     0.37
  SINCE MAR 1      1.47                      3.26  -1.79     2.06
  SINCE JAN 1      3.72                      6.38  -2.66     5.98

SNOWFALL (IN)
  YESTERDAY        0.0           2.0  1932   0.1   -0.1      0.0
  MONTH TO DATE    0.0                       1.2   -1.2       T
  SINCE MAR 1      1.9                       8.2   -6.3     10.4
  SINCE JUL 1     35.6                      50.4  -14.8     68.4
  SNOW DEPTH       0

DEGREE DAYS
 HEATING
  YESTERDAY       12                        19     -7        9
  MONTH TO DATE  223                       254    -31      242
  SINCE MAR 1   1214                      1183     31     1452
  SINCE JUL 1   6708                      6118    590     6993

 COOLING
  YESTERDAY        0                         0      0        0
  MONTH TO DATE    0                         0      0        0
  SINCE MAR 1      0                         1     -1        0
  SINCE JAN 1      0                         1     -1        0
..................................................................


WIND (MPH)
  RESULTANT WIND SPEED   7   RESULTANT WIND DIRECTION   S (190)
  HIGHEST WIND SPEED    18   HIGHEST WIND DIRECTION    SW (210)
  HIGHEST GUST SPEED    23   HIGHEST GUST DIRECTION     S (180)
  AVERAGE WIND SPEED     8.3


SKY COVER
  AVERAGE SKY COVER 0.2


WEATHER CONDITIONS
 THE FOLLOWING WEATHER WAS RECORDED YESTERDAY.
  LIGHT RAIN


RELATIVE HUMIDITY (PERCENT)
 HIGHEST    70           700 AM
 LOWEST     29           100 PM
 AVERAGE    50

..........................................................


THE LANSING MI CLIMATE NORMALS FOR TODAY
                         NORMAL    RECORD    YEAR
 MAXIMUM TEMPERATURE (F)   57        82      1941
 MINIMUM TEMPERATURE (F)   36        17      1950
                                             1869


SUNRISE AND SUNSET
APRIL 13 2015.........SUNRISE   701 AM EDT   SUNSET   818 PM EDT
APRIL 14 2015.........SUNRISE   659 AM EDT   SUNSET   819 PM EDT


-  INDICATES NEGATIVE NUMBERS.
R  INDICATES RECORD WAS SET OR TIED.
MM INDICATES DATA IS MISSING.
T  INDICATES TRACE AMOUNT.




$$
