000
CDUS43 KGRR 170513
CLILAN


CLIMATE REPORT
NATIONAL WEATHER SERVICE GRAND RAPIDS, MI
113 AM EDT FRI APR 17 2015


...................................

...THE LANSING MI CLIMATE SUMMARY FOR APRIL 16 2015...

CLIMATE NORMAL PERIOD 1981 TO 2010
CLIMATE RECORD PERIOD 1864 TO 2015


WEATHER ITEM   OBSERVED TIME   RECORD YEAR NORMAL DEPARTURE LAST
                VALUE   (LST)  VALUE       VALUE  FROM      YEAR
                                                  NORMAL
..................................................................
TEMPERATURE (F)
 YESTERDAY
  MAXIMUM         62    130 PM  86    2002  58      4       46
                                      1896
  MINIMUM         41    318 AM  10    1875  37      4       21
  AVERAGE         52                        48      4       34

PRECIPITATION (IN)
  YESTERDAY        T             2.06 1972   0.11  -0.11     0.00
  MONTH TO DATE    0.81                      1.63  -0.82     0.81
  SINCE MAR 1      1.55                      3.69  -2.14     2.50
  SINCE JAN 1      3.80                      6.81  -3.01     6.42

SNOWFALL (IN)
  YESTERDAY        0.0           4.0  1961   0.1   -0.1      0.0
  MONTH TO DATE    0.0                       1.5   -1.5      0.7
  SINCE MAR 1      1.9                       8.5   -6.6     11.1
  SINCE JUL 1     35.6                      50.7  -15.1     69.1
  SNOW DEPTH       0

DEGREE DAYS
 HEATING
  YESTERDAY       13                        17     -4       31
  MONTH TO DATE  273                       326    -53      332
  SINCE MAR 1   1264                      1255      9     1542
  SINCE JUL 1   6758                      6190    568     7083

 COOLING
  YESTERDAY        0                         0      0        0
  MONTH TO DATE    0                         0      0        0
  SINCE MAR 1      0                         1     -1        0
  SINCE JAN 1      0                         1     -1        0
..................................................................


WIND (MPH)
  RESULTANT WIND SPEED   5   RESULTANT WIND DIRECTION  SE (150)
  HIGHEST WIND SPEED    16   HIGHEST WIND DIRECTION     S (180)
  HIGHEST GUST SPEED    19   HIGHEST GUST DIRECTION     S (170)
  AVERAGE WIND SPEED     7.9


SKY COVER
  AVERAGE SKY COVER 0.7


WEATHER CONDITIONS
 THE FOLLOWING WEATHER WAS RECORDED YESTERDAY.
  NO SIGNIFICANT WEATHER WAS OBSERVED.


RELATIVE HUMIDITY (PERCENT)
 HIGHEST    77           400 PM
 LOWEST     38           900 AM
 AVERAGE    58

..........................................................


THE LANSING MI CLIMATE NORMALS FOR TODAY
                         NORMAL    RECORD    YEAR
 MAXIMUM TEMPERATURE (F)   59        85      1964
 MINIMUM TEMPERATURE (F)   38         0      1875


SUNRISE AND SUNSET
APRIL 17 2015.........SUNRISE   654 AM EDT   SUNSET   823 PM EDT
APRIL 18 2015.........SUNRISE   652 AM EDT   SUNSET   824 PM EDT


-  INDICATES NEGATIVE NUMBERS.
R  INDICATES RECORD WAS SET OR TIED.
MM INDICATES DATA IS MISSING.
T  INDICATES TRACE AMOUNT.




$$
