000
CDUS43 KGRR 040521
CLILAN


CLIMATE REPORT
NATIONAL WEATHER SERVICE GRAND RAPIDS, MI
117 AM EDT MON MAY 4 2015


...................................

...THE LANSING MI CLIMATE SUMMARY FOR MAY 3 2015...

CLIMATE NORMAL PERIOD 1981 TO 2010
CLIMATE RECORD PERIOD 1864 TO 2015


WEATHER ITEM   OBSERVED TIME   RECORD YEAR NORMAL DEPARTURE LAST
                VALUE   (LST)  VALUE       VALUE  FROM      YEAR
                                                  NORMAL
..................................................................
TEMPERATURE (F)
 YESTERDAY
  MAXIMUM         80    337 PM  88    1959  65     15       58
  MINIMUM         52    117 AM  27    2004  43      9       45
                                      1911
                                      1873
  AVERAGE         66                        54     12       52

PRECIPITATION (IN)
  YESTERDAY        0.00          1.46 1919   0.11  -0.11     0.08
  MONTH TO DATE    0.00                      0.31  -0.31     0.36
  SINCE MAR 1      2.03                      5.40  -3.37     3.41
  SINCE JAN 1      4.28                      8.52  -4.24     7.33

SNOWFALL (IN)
  YESTERDAY        0.0           0.2  1929   0.0    0.0      0.0
  MONTH TO DATE    0.0                       0.0    0.0      0.0
  SINCE MAR 1      1.9                       8.9   -7.0     11.1
  SINCE JUL 1     35.6                      51.1  -15.5     69.1
  SNOW DEPTH       0

DEGREE DAYS
 HEATING
  YESTERDAY        0                        12    -12       13
  MONTH TO DATE   15                        36    -21       50
  SINCE MAR 1   1527                      1499     28     1794
  SINCE JUL 1   7021                      6434    587     7335

 COOLING
  YESTERDAY        1                         0      1        0
  MONTH TO DATE    1                         0      1        0
  SINCE MAR 1      1                         7     -6        0
  SINCE JAN 1      1                         7     -6        0
..................................................................


WIND (MPH)
  RESULTANT WIND SPEED   9   RESULTANT WIND DIRECTION  SW (220)
  HIGHEST WIND SPEED    22   HIGHEST WIND DIRECTION     S (190)
  HIGHEST GUST SPEED    29   HIGHEST GUST DIRECTION    SW (220)
  AVERAGE WIND SPEED     9.4


SKY COVER
  AVERAGE SKY COVER 0.2


WEATHER CONDITIONS
 THE FOLLOWING WEATHER WAS RECORDED YESTERDAY.
  NO SIGNIFICANT WEATHER WAS OBSERVED.


RELATIVE HUMIDITY (PERCENT)
 HIGHEST    59           500 AM
 LOWEST     28           100 PM
 AVERAGE    44

..........................................................


THE LANSING MI CLIMATE NORMALS FOR TODAY
                         NORMAL    RECORD    YEAR
 MAXIMUM TEMPERATURE (F)   65        89      1895
 MINIMUM TEMPERATURE (F)   43        25      1926


SUNRISE AND SUNSET
MAY  4 2015...........SUNRISE   629 AM EDT   SUNSET   842 PM EDT
MAY  5 2015...........SUNRISE   628 AM EDT   SUNSET   843 PM EDT


-  INDICATES NEGATIVE NUMBERS.
R  INDICATES RECORD WAS SET OR TIED.
MM INDICATES DATA IS MISSING.
T  INDICATES TRACE AMOUNT.




$$
