000
CDUS43 KGRR 241348
CLILAN


CLIMATE REPORT
NATIONAL WEATHER SERVICE GRAND RAPIDS, MI
938 AM EDT FRI APR 24 2015


...................................

...THE LANSING MI CLIMATE SUMMARY FOR APRIL 24 2015...
VALID AS OF 0900 AM LOCAL TIME.

CLIMATE NORMAL PERIOD 1981 TO 2010
CLIMATE RECORD PERIOD 1864 TO 2015


WEATHER ITEM   OBSERVED TIME   RECORD YEAR NORMAL DEPARTURE LAST
                VALUE   (LST)  VALUE       VALUE  FROM      YEAR
                                                  NORMAL
..................................................................
TEMPERATURE (F)
 TODAY
  MAXIMUM         35    759 AM  87    1915  61    -26       58
  MINIMUM         25    402 AM  23    1999  40    -15       37
                                      1892
                                      1883
  AVERAGE         30                        51    -21       48

PRECIPITATION (IN)
  TODAY            0.00          1.08 1950   0.09  -0.09      T
  MONTH TO DATE    1.27                      2.43  -1.16     0.98
  SINCE MAR 1      2.01                      4.49  -2.48     2.67
  SINCE JAN 1      4.26                      7.61  -3.35     6.59

SNOWFALL (IN)
  TODAY            0.0           2.8  1980   0.0    0.0      0.0
  MONTH TO DATE    T                         1.8   -1.8      0.7
  SINCE MAR 1      1.9                       8.8   -6.9     11.1
  SINCE JUL 1     35.6                      51.0  -15.4     69.1
  SNOW DEPTH       0

DEGREE DAYS
 HEATING
  TODAY           35                        15     20       17
  MONTH TO DATE  427                       453    -26      449
  SINCE MAR 1   1418                      1382     36     1659
  SINCE JUL 1   6912                      6317    595     7200

 COOLING
  TODAY            0                         0      0        0
  MONTH TO DATE    0                         0      0        0
  SINCE MAR 1      0                         1     -1        0
  SINCE JAN 1      0                         1     -1        0
..................................................................


WIND (MPH)
  RESULTANT WIND SPEED   1   RESULTANT WIND DIRECTION   W (260)
  HIGHEST WIND SPEED     6   HIGHEST WIND DIRECTION    SW (240)
  HIGHEST GUST SPEED     6   HIGHEST GUST DIRECTION    NE (40)
  AVERAGE WIND SPEED     0.8


SKY COVER
  AVERAGE SKY COVER 0.0


WEATHER CONDITIONS
 THE FOLLOWING WEATHER WAS RECORDED TODAY.
  NO SIGNIFICANT WEATHER WAS OBSERVED.


RELATIVE HUMIDITY (PERCENT)
 HIGHEST    75           300 AM
 LOWEST     59          1200 AM
 AVERAGE    67

..........................................................


THE LANSING MI CLIMATE NORMALS FOR TOMORROW
                         NORMAL    RECORD    YEAR
 MAXIMUM TEMPERATURE (F)   62        86      1915
 MINIMUM TEMPERATURE (F)   40        17      1909


SUNRISE AND SUNSET
APRIL 24 2015.........SUNRISE   643 AM EDT   SUNSET   831 PM EDT
APRIL 25 2015.........SUNRISE   642 AM EDT   SUNSET   832 PM EDT


-  INDICATES NEGATIVE NUMBERS.
R  INDICATES RECORD WAS SET OR TIED.
MM INDICATES DATA IS MISSING.
T  INDICATES TRACE AMOUNT.




$$
