000
CDUS43 KGRR 030515
CLILAN


CLIMATE REPORT
NATIONAL WEATHER SERVICE GRAND RAPIDS, MI
115 AM EDT SUN MAY 3 2015


...................................

...THE LANSING MI CLIMATE SUMMARY FOR MAY 2 2015...

CLIMATE NORMAL PERIOD 1981 TO 2010
CLIMATE RECORD PERIOD 1864 TO 2015


WEATHER ITEM   OBSERVED TIME   RECORD YEAR NORMAL DEPARTURE LAST
                VALUE   (LST)  VALUE       VALUE  FROM      YEAR
                                                  NORMAL
..................................................................
TEMPERATURE (F)
 YESTERDAY
  MAXIMUM         75    415 PM  86    1959  64     11       52
  MINIMUM         42    506 AM  20    1867  42      0       44
  AVERAGE         59                        53      6       48

PRECIPITATION (IN)
  YESTERDAY        0.00          1.25 1910   0.10  -0.10     0.07
  MONTH TO DATE    0.00                      0.20  -0.20     0.28
  SINCE MAR 1      2.03                      5.29  -3.26     3.33
  SINCE JAN 1      4.28                      8.41  -4.13     7.25

SNOWFALL (IN)
  YESTERDAY        0.0           2.4  1929   0.0    0.0      0.0
  MONTH TO DATE    0.0                       0.0    0.0      0.0
  SINCE MAR 1      1.9                       8.9   -7.0     11.1
  SINCE JUL 1     35.6                      51.1  -15.5     69.1
  SNOW DEPTH       0

DEGREE DAYS
 HEATING
  YESTERDAY        6                        12     -6       17
  MONTH TO DATE   15                        24     -9       37
  SINCE MAR 1   1527                      1487     40     1781
  SINCE JUL 1   7021                      6422    599     7322

 COOLING
  YESTERDAY        0                         0      0        0
  MONTH TO DATE    0                         0      0        0
  SINCE MAR 1      0                         7     -7        0
  SINCE JAN 1      0                         7     -7        0
..................................................................


WIND (MPH)
  RESULTANT WIND SPEED   6   RESULTANT WIND DIRECTION   W (260)
  HIGHEST WIND SPEED    20   HIGHEST WIND DIRECTION    SW (240)
  HIGHEST GUST SPEED    24   HIGHEST GUST DIRECTION    SW (230)
  AVERAGE WIND SPEED     6.5


SKY COVER
  AVERAGE SKY COVER 0.1


WEATHER CONDITIONS
 THE FOLLOWING WEATHER WAS RECORDED YESTERDAY.
  HAZE


RELATIVE HUMIDITY (PERCENT)
 HIGHEST    76           500 AM
 LOWEST     25           400 PM
 AVERAGE    51

..........................................................


THE LANSING MI CLIMATE NORMALS FOR TODAY
                         NORMAL    RECORD    YEAR
 MAXIMUM TEMPERATURE (F)   65        88      1959
 MINIMUM TEMPERATURE (F)   43        27      2004
                                             1911
                                             1873


SUNRISE AND SUNSET
MAY  3 2015...........SUNRISE   630 AM EDT   SUNSET   841 PM EDT
MAY  4 2015...........SUNRISE   629 AM EDT   SUNSET   842 PM EDT


-  INDICATES NEGATIVE NUMBERS.
R  INDICATES RECORD WAS SET OR TIED.
MM INDICATES DATA IS MISSING.
T  INDICATES TRACE AMOUNT.




$$
