000
CDUS43 KGRR 180514
CLILAN


CLIMATE REPORT
NATIONAL WEATHER SERVICE GRAND RAPIDS, MI
114 AM EDT SAT APR 18 2015


...................................

...THE LANSING MI CLIMATE SUMMARY FOR APRIL 17 2015...

CLIMATE NORMAL PERIOD 1981 TO 2010
CLIMATE RECORD PERIOD 1864 TO 2015


WEATHER ITEM   OBSERVED TIME   RECORD YEAR NORMAL DEPARTURE LAST
                VALUE   (LST)  VALUE       VALUE  FROM      YEAR
                                                  NORMAL
..................................................................
TEMPERATURE (F)
 YESTERDAY
  MAXIMUM         76    439 PM  85    1964  59     17       66
  MINIMUM         40    535 AM   0    1875  38      2       32
  AVERAGE         58                        48     10       49

PRECIPITATION (IN)
  YESTERDAY        0.00          1.37 1939   0.11  -0.11     0.00
  MONTH TO DATE    0.81                      1.74  -0.93     0.81
  SINCE MAR 1      1.55                      3.80  -2.25     2.50
  SINCE JAN 1      3.80                      6.92  -3.12     6.42

SNOWFALL (IN)
  YESTERDAY        0.0           2.7  1983   0.0    0.0      0.0
                                      1921
  MONTH TO DATE    0.0                       1.5   -1.5      0.7
  SINCE MAR 1      1.9                       8.5   -6.6     11.1
  SINCE JUL 1     35.6                      50.7  -15.1     69.1
  SNOW DEPTH       0

DEGREE DAYS
 HEATING
  YESTERDAY        7                        17    -10       16
  MONTH TO DATE  280                       343    -63      348
  SINCE MAR 1   1271                      1272     -1     1558
  SINCE JUL 1   6765                      6207    558     7099

 COOLING
  YESTERDAY        0                         0      0        0
  MONTH TO DATE    0                         0      0        0
  SINCE MAR 1      0                         1     -1        0
  SINCE JAN 1      0                         1     -1        0
..................................................................


WIND (MPH)
  RESULTANT WIND SPEED   6   RESULTANT WIND DIRECTION   W (270)
  HIGHEST WIND SPEED    16   HIGHEST WIND DIRECTION     W (290)
  HIGHEST GUST SPEED    23   HIGHEST GUST DIRECTION     W (250)
  AVERAGE WIND SPEED     6.2


SKY COVER
  AVERAGE SKY COVER 0.2


WEATHER CONDITIONS
 THE FOLLOWING WEATHER WAS RECORDED YESTERDAY.
  FOG
  HAZE


RELATIVE HUMIDITY (PERCENT)
 HIGHEST    93           600 AM
 LOWEST     25           100 PM
 AVERAGE    59

..........................................................


THE LANSING MI CLIMATE NORMALS FOR TODAY
                         NORMAL    RECORD    YEAR
 MAXIMUM TEMPERATURE (F)   59        86      2002
 MINIMUM TEMPERATURE (F)   38         8      1875


SUNRISE AND SUNSET
APRIL 18 2015.........SUNRISE   652 AM EDT   SUNSET   824 PM EDT
APRIL 19 2015.........SUNRISE   651 AM EDT   SUNSET   825 PM EDT


-  INDICATES NEGATIVE NUMBERS.
R  INDICATES RECORD WAS SET OR TIED.
MM INDICATES DATA IS MISSING.
T  INDICATES TRACE AMOUNT.




$$
