000
CDUS43 KGRR 142127
CLILAN


CLIMATE REPORT
NATIONAL WEATHER SERVICE GRAND RAPIDS, MI
527 PM EDT TUE APR 14 2015


...................................

...THE LANSING MI CLIMATE SUMMARY FOR APRIL 14 2015...
VALID TODAY AS OF 0500 PM LOCAL TIME.

CLIMATE NORMAL PERIOD 1981 TO 2010
CLIMATE RECORD PERIOD 1864 TO 2015


WEATHER ITEM   OBSERVED TIME   RECORD YEAR NORMAL DEPARTURE LAST
                VALUE   (LST)  VALUE       VALUE  FROM      YEAR
                                                  NORMAL
..................................................................
TEMPERATURE (F)
 TODAY
  MAXIMUM         68    315 PM  83    1883  57     11       64
  MINIMUM         35    615 AM  19    1885  37     -2       27
  AVERAGE         52                        47      5       46

PRECIPITATION (IN)
  TODAY            0.00          1.40 1968   0.10  -0.10     0.16
  MONTH TO DATE    0.81                      1.41  -0.60     0.80
  SINCE MAR 1      1.55                      3.47  -1.92     2.49
  SINCE JAN 1      3.80                      6.59  -2.79     6.41

SNOWFALL (IN)
  TODAY            0.0           1.5  1939   0.0    0.0      0.4
  MONTH TO DATE    0.0                       1.3   -1.3      0.4
  SINCE MAR 1      1.9                       8.3   -6.4     10.8
  SINCE JUL 1     35.6                      50.5  -14.9     68.8
  SNOW DEPTH       0

DEGREE DAYS
 HEATING
  TODAY           13                        18     -5       19
  MONTH TO DATE  247                       291    -44      265
  SINCE MAR 1   1238                      1220     18     1475
  SINCE JUL 1   6732                      6155    577     7016

 COOLING
  TODAY            0                         0      0        0
  MONTH TO DATE    0                         0      0        0
  SINCE MAR 1      0                         1     -1        0
  SINCE JAN 1      0                         1     -1        0
..................................................................


WIND (MPH)
  RESULTANT WIND SPEED   2   RESULTANT WIND DIRECTION   W (250)
  HIGHEST WIND SPEED    10   HIGHEST WIND DIRECTION     W (280)
  HIGHEST GUST SPEED    14   HIGHEST GUST DIRECTION    NW (320)
  AVERAGE WIND SPEED     3.5


SKY COVER
  AVERAGE SKY COVER 0.0


WEATHER CONDITIONS
 THE FOLLOWING WEATHER WAS RECORDED TODAY.
  NO SIGNIFICANT WEATHER WAS OBSERVED.


RELATIVE HUMIDITY (PERCENT)
 HIGHEST    85           500 AM
 LOWEST     22           200 PM
 AVERAGE    54

..........................................................


THE LANSING MI CLIMATE NORMALS FOR TOMORROW
                         NORMAL    RECORD    YEAR
 MAXIMUM TEMPERATURE (F)   58        84      2003
                                             2002
 MINIMUM TEMPERATURE (F)   37        14      1875


SUNRISE AND SUNSET
APRIL 14 2015.........SUNRISE   659 AM EDT   SUNSET   819 PM EDT
APRIL 15 2015.........SUNRISE   657 AM EDT   SUNSET   820 PM EDT


-  INDICATES NEGATIVE NUMBERS.
R  INDICATES RECORD WAS SET OR TIED.
MM INDICATES DATA IS MISSING.
T  INDICATES TRACE AMOUNT.




$$
