000
CDUS43 KGRR 152123
CLILAN


CLIMATE REPORT
NATIONAL WEATHER SERVICE GRAND RAPIDS, MI
523 PM EDT WED APR 15 2015


...................................

...THE LANSING MI CLIMATE SUMMARY FOR APRIL 15 2015...
VALID TODAY AS OF 0500 PM LOCAL TIME.

CLIMATE NORMAL PERIOD 1981 TO 2010
CLIMATE RECORD PERIOD 1864 TO 2015


WEATHER ITEM   OBSERVED TIME   RECORD YEAR NORMAL DEPARTURE LAST
                VALUE   (LST)  VALUE       VALUE  FROM      YEAR
                                                  NORMAL
..................................................................
TEMPERATURE (F)
 TODAY
  MAXIMUM         66    359 PM  84    2003  58      8       34
                                      2002
  MINIMUM         37    622 AM  14    1875  37      0       24
  AVERAGE         52                        47      5       29

PRECIPITATION (IN)
  TODAY            0.00          1.49 1937   0.11  -0.11     0.01
  MONTH TO DATE    0.81                      1.52  -0.71     0.81
  SINCE MAR 1      1.55                      3.58  -2.03     2.50
  SINCE JAN 1      3.80                      6.70  -2.90     6.42

SNOWFALL (IN)
  TODAY            0.0           7.0  1937   0.1   -0.1      0.3
  MONTH TO DATE    0.0                       1.4   -1.4      0.7
  SINCE MAR 1      1.9                       8.4   -6.5     11.1
  SINCE JUL 1     35.6                      50.6  -15.0     69.1
  SNOW DEPTH       0

DEGREE DAYS
 HEATING
  TODAY           13                        18     -5       36
  MONTH TO DATE  260                       309    -49      301
  SINCE MAR 1   1251                      1238     13     1511
  SINCE JUL 1   6745                      6173    572     7052

 COOLING
  TODAY            0                         0      0        0
  MONTH TO DATE    0                         0      0        0
  SINCE MAR 1      0                         1     -1        0
  SINCE JAN 1      0                         1     -1        0
..................................................................


WIND (MPH)
  RESULTANT WIND SPEED   8   RESULTANT WIND DIRECTION   E (80)
  HIGHEST WIND SPEED    18   HIGHEST WIND DIRECTION     E (90)
  HIGHEST GUST SPEED    24   HIGHEST GUST DIRECTION     E (110)
  AVERAGE WIND SPEED     9.3


SKY COVER
  AVERAGE SKY COVER 0.0


WEATHER CONDITIONS
 THE FOLLOWING WEATHER WAS RECORDED TODAY.
  NO SIGNIFICANT WEATHER WAS OBSERVED.


RELATIVE HUMIDITY (PERCENT)
 HIGHEST    59           500 AM
 LOWEST     19           100 PM
 AVERAGE    39

..........................................................


THE LANSING MI CLIMATE NORMALS FOR TOMORROW
                         NORMAL    RECORD    YEAR
 MAXIMUM TEMPERATURE (F)   58        86      2002
                                             1896
 MINIMUM TEMPERATURE (F)   37        10      1875


SUNRISE AND SUNSET
APRIL 15 2015.........SUNRISE   657 AM EDT   SUNSET   820 PM EDT
APRIL 16 2015.........SUNRISE   656 AM EDT   SUNSET   821 PM EDT


-  INDICATES NEGATIVE NUMBERS.
R  INDICATES RECORD WAS SET OR TIED.
MM INDICATES DATA IS MISSING.
T  INDICATES TRACE AMOUNT.




$$
