000
CDUS43 KGRR 200514
CLILAN


CLIMATE REPORT
NATIONAL WEATHER SERVICE GRAND RAPIDS, MI
113 AM EDT MON APR 20 2015


...................................

...THE LANSING MI CLIMATE SUMMARY FOR APRIL 19 2015...

CLIMATE NORMAL PERIOD 1981 TO 2010
CLIMATE RECORD PERIOD 1864 TO 2015


WEATHER ITEM   OBSERVED TIME   RECORD YEAR NORMAL DEPARTURE LAST
                VALUE   (LST)  VALUE       VALUE  FROM      YEAR
                                                  NORMAL
..................................................................
TEMPERATURE (F)
 YESTERDAY
  MAXIMUM         70    138 PM  81    2005  59     11       60
                                      1985
                                      1958
  MINIMUM         39    613 AM  14    1897  38      1       30
  AVERAGE         55                        49      6       45

PRECIPITATION (IN)
  YESTERDAY        0.34          2.46 1877   0.11   0.23     0.00
  MONTH TO DATE    1.15                      1.95  -0.80     0.82
  SINCE MAR 1      1.89                      4.01  -2.12     2.51
  SINCE JAN 1      4.14                      7.13  -2.99     6.43

SNOWFALL (IN)
  YESTERDAY        0.0           1.8  1943   0.0    0.0      0.0
  MONTH TO DATE    0.0                       1.6   -1.6      0.7
  SINCE MAR 1      1.9                       8.6   -6.7     11.1
  SINCE JUL 1     35.6                      50.8  -15.2     69.1
  SNOW DEPTH       0

DEGREE DAYS
 HEATING
  YESTERDAY       10                        16     -6       20
  MONTH TO DATE  297                       376    -79      383
  SINCE MAR 1   1288                      1305    -17     1593
  SINCE JUL 1   6782                      6240    542     7134

 COOLING
  YESTERDAY        0                         0      0        0
  MONTH TO DATE    0                         0      0        0
  SINCE MAR 1      0                         1     -1        0
  SINCE JAN 1      0                         1     -1        0
..................................................................


WIND (MPH)
  RESULTANT WIND SPEED  13   RESULTANT WIND DIRECTION   E (90)
  HIGHEST WIND SPEED    23   HIGHEST WIND DIRECTION    SE (120)
  HIGHEST GUST SPEED    30   HIGHEST GUST DIRECTION    SE (130)
  AVERAGE WIND SPEED    13.6


SKY COVER
  AVERAGE SKY COVER 0.4


WEATHER CONDITIONS
 THE FOLLOWING WEATHER WAS RECORDED YESTERDAY.
  RAIN
  LIGHT RAIN
  FOG


RELATIVE HUMIDITY (PERCENT)
 HIGHEST    96          1100 PM
 LOWEST     28          1200 PM
 AVERAGE    62

..........................................................


THE LANSING MI CLIMATE NORMALS FOR TODAY
                         NORMAL    RECORD    YEAR
 MAXIMUM TEMPERATURE (F)   60        82      1987
 MINIMUM TEMPERATURE (F)   39        18      1904
                                             1875


SUNRISE AND SUNSET
APRIL 20 2015.........SUNRISE   649 AM EDT   SUNSET   826 PM EDT
APRIL 21 2015.........SUNRISE   648 AM EDT   SUNSET   827 PM EDT


-  INDICATES NEGATIVE NUMBERS.
R  INDICATES RECORD WAS SET OR TIED.
MM INDICATES DATA IS MISSING.
T  INDICATES TRACE AMOUNT.




$$
