000
CDUS43 KGRR 281339
CLILAN


CLIMATE REPORT
NATIONAL WEATHER SERVICE GRAND RAPIDS, MI
936 AM EDT TUE APR 28 2015


...................................

...THE LANSING MI CLIMATE SUMMARY FOR APRIL 28 2015...
VALID AS OF 0900 AM LOCAL TIME.

CLIMATE NORMAL PERIOD 1981 TO 2010
CLIMATE RECORD PERIOD 1864 TO 2015


WEATHER ITEM   OBSERVED TIME   RECORD YEAR NORMAL DEPARTURE LAST
                VALUE   (LST)  VALUE       VALUE  FROM      YEAR
                                                  NORMAL
..................................................................
TEMPERATURE (F)
 TODAY
  MAXIMUM         48    759 AM  82    1990  63    -15       57
                                      1914
  MINIMUM         33    546 AM  20    1874  41     -8       37
  AVERAGE         41                        52    -11       47

PRECIPITATION (IN)
  TODAY            0.00          2.51 1878   0.10  -0.10      T
  MONTH TO DATE    1.27                      2.83  -1.56     1.14
  SINCE MAR 1      2.01                      4.89  -2.88     2.83
  SINCE JAN 1      4.26                      8.01  -3.75     6.75

SNOWFALL (IN)
  TODAY            0.0           T    1961   0.0    0.0      0.0
                                      1926
                                      1920
  MONTH TO DATE    T                         1.9   -1.9      0.7
  SINCE MAR 1      1.9                       8.9   -7.0     11.1
  SINCE JUL 1     35.6                      51.1  -15.5     69.1
  SNOW DEPTH       0

DEGREE DAYS
 HEATING
  TODAY           24                        13     11       18
  MONTH TO DATE  498                       508    -10      520
  SINCE MAR 1   1489                      1437     52     1730
  SINCE JUL 1   6983                      6372    611     7271

 COOLING
  TODAY            0                         0      0        0
  MONTH TO DATE    0                         0      0        0
  SINCE MAR 1      0                         1     -1        0
  SINCE JAN 1      0                         1     -1        0
..................................................................


WIND (MPH)
  RESULTANT WIND SPEED   1   RESULTANT WIND DIRECTION   E (90)
  HIGHEST WIND SPEED     7   HIGHEST WIND DIRECTION     S (160)
  HIGHEST GUST SPEED     9   HIGHEST GUST DIRECTION    NE (50)
  AVERAGE WIND SPEED     2.2


SKY COVER
  AVERAGE SKY COVER 0.2


WEATHER CONDITIONS
 THE FOLLOWING WEATHER WAS RECORDED TODAY.
  NO SIGNIFICANT WEATHER WAS OBSERVED.


RELATIVE HUMIDITY (PERCENT)
 HIGHEST    89           600 AM
 LOWEST     65           200 AM
 AVERAGE    77

..........................................................


THE LANSING MI CLIMATE NORMALS FOR TOMORROW
                         NORMAL    RECORD    YEAR
 MAXIMUM TEMPERATURE (F)   63        86      1899
 MINIMUM TEMPERATURE (F)   41        22      1908


SUNRISE AND SUNSET
APRIL 28 2015.........SUNRISE   637 AM EDT   SUNSET   835 PM EDT
APRIL 29 2015.........SUNRISE   636 AM EDT   SUNSET   836 PM EDT


-  INDICATES NEGATIVE NUMBERS.
R  INDICATES RECORD WAS SET OR TIED.
MM INDICATES DATA IS MISSING.
T  INDICATES TRACE AMOUNT.




$$

63
