000
CDUS43 KGRR 111339
CLILAN


CLIMATE REPORT
NATIONAL WEATHER SERVICE GRAND RAPIDS, MI
936 AM EDT SAT APR 11 2015


...................................

...THE LANSING MI CLIMATE SUMMARY FOR APRIL 11 2015...
VALID AS OF 0900 AM LOCAL TIME.

CLIMATE NORMAL PERIOD 1981 TO 2010
CLIMATE RECORD PERIOD 1864 TO 2015


WEATHER ITEM   OBSERVED TIME   RECORD YEAR NORMAL DEPARTURE LAST
                VALUE   (LST)  VALUE       VALUE  FROM      YEAR
                                                  NORMAL
..................................................................
TEMPERATURE (F)
 TODAY
  MAXIMUM         40    759 AM  82    1977  56    -16       66
  MINIMUM         31    412 AM  13    1874  36     -5       33
  AVERAGE         36                        46    -10       50

PRECIPITATION (IN)
  TODAY            0.00          1.60 1871   0.10  -0.10     0.00
  MONTH TO DATE    0.73                      1.09  -0.36     0.37
  SINCE MAR 1      1.47                      3.15  -1.68     2.06
  SINCE JAN 1      3.72                      6.27  -2.55     5.98

SNOWFALL (IN)
  TODAY            0.0           5.2  2007   0.1   -0.1      0.0
  MONTH TO DATE    0.0                       1.1   -1.1       T
  SINCE MAR 1      1.9                       8.1   -6.2     10.4
  SINCE JUL 1     35.6                      50.3  -14.7     68.4
  SNOW DEPTH       0

DEGREE DAYS
 HEATING
  TODAY           29                        19     10       15
  MONTH TO DATE  220                       235    -15      233
  SINCE MAR 1   1211                      1164     47     1443
  SINCE JUL 1   6705                      6099    606     6984

 COOLING
  TODAY            0                         0      0        0
  MONTH TO DATE    0                         0      0        0
  SINCE MAR 1      0                         1     -1        0
  SINCE JAN 1      0                         1     -1        0
..................................................................


WIND (MPH)
  RESULTANT WIND SPEED   5   RESULTANT WIND DIRECTION   W (250)
  HIGHEST WIND SPEED    13   HIGHEST WIND DIRECTION     W (250)
  HIGHEST GUST SPEED    16   HIGHEST GUST DIRECTION    SW (240)
  AVERAGE WIND SPEED     6.5


SKY COVER
  AVERAGE SKY COVER 0.4


WEATHER CONDITIONS
 THE FOLLOWING WEATHER WAS RECORDED TODAY.
  FOG


RELATIVE HUMIDITY (PERCENT)
 HIGHEST   100           500 AM
 LOWEST     79          1200 AM
 AVERAGE    90

..........................................................


THE LANSING MI CLIMATE NORMALS FOR TOMORROW
                         NORMAL    RECORD    YEAR
 MAXIMUM TEMPERATURE (F)   56        83      1977
 MINIMUM TEMPERATURE (F)   36        11      1868


SUNRISE AND SUNSET
APRIL 11 2015.........SUNRISE   704 AM EDT   SUNSET   816 PM EDT
APRIL 12 2015.........SUNRISE   702 AM EDT   SUNSET   817 PM EDT


-  INDICATES NEGATIVE NUMBERS.
R  INDICATES RECORD WAS SET OR TIED.
MM INDICATES DATA IS MISSING.
T  INDICATES TRACE AMOUNT.




$$

63
