000
CDUS43 KGRR 240530
CLILAN


CLIMATE REPORT
NATIONAL WEATHER SERVICE GRAND RAPIDS, MI
130 AM EDT FRI APR 24 2015


...................................

...THE LANSING MI CLIMATE SUMMARY FOR APRIL 23 2015...

CLIMATE NORMAL PERIOD 1981 TO 2010
CLIMATE RECORD PERIOD 1864 TO 2015


WEATHER ITEM   OBSERVED TIME   RECORD YEAR NORMAL DEPARTURE LAST
                VALUE   (LST)  VALUE       VALUE  FROM      YEAR
                                                  NORMAL
..................................................................
TEMPERATURE (F)
 YESTERDAY
  MAXIMUM         42    610 PM  86    1960  61    -19       56
                                      1925
  MINIMUM         30   1119 PM  21    1868  40    -10       31
  AVERAGE         36                        50    -14       44

PRECIPITATION (IN)
  YESTERDAY        T             1.05 1999   0.10  -0.10     0.00
  MONTH TO DATE    1.27                      2.34  -1.07     0.98
  SINCE MAR 1      2.01                      4.40  -2.39     2.67
  SINCE JAN 1      4.26                      7.52  -3.26     6.59

SNOWFALL (IN)
  YESTERDAY        T             0.9  1963   0.1   -0.1      0.0
  MONTH TO DATE    T                         1.8   -1.8      0.7
  SINCE MAR 1      1.9                       8.8   -6.9     11.1
  SINCE JUL 1     35.6                      51.0  -15.4     69.1
  SNOW DEPTH       0

DEGREE DAYS
 HEATING
  YESTERDAY       29                        15     14       21
  MONTH TO DATE  392                       438    -46      432
  SINCE MAR 1   1383                      1367     16     1642
  SINCE JUL 1   6877                      6302    575     7183

 COOLING
  YESTERDAY        0                         0      0        0
  MONTH TO DATE    0                         0      0        0
  SINCE MAR 1      0                         1     -1        0
  SINCE JAN 1      0                         1     -1        0
..................................................................


WIND (MPH)
  RESULTANT WIND SPEED  11   RESULTANT WIND DIRECTION  NW (300)
  HIGHEST WIND SPEED    22   HIGHEST WIND DIRECTION    NW (310)
  HIGHEST GUST SPEED    32   HIGHEST GUST DIRECTION    NW (320)
  AVERAGE WIND SPEED    11.0


SKY COVER
  AVERAGE SKY COVER 0.6


WEATHER CONDITIONS
 THE FOLLOWING WEATHER WAS RECORDED YESTERDAY.
  LIGHT SNOW


RELATIVE HUMIDITY (PERCENT)
 HIGHEST    85           300 AM
 LOWEST     44           700 PM
 AVERAGE    65

..........................................................


THE LANSING MI CLIMATE NORMALS FOR TODAY
                         NORMAL    RECORD    YEAR
 MAXIMUM TEMPERATURE (F)   61        87      1915
 MINIMUM TEMPERATURE (F)   40        23      1999
                                             1892
                                             1883


SUNRISE AND SUNSET
APRIL 24 2015.........SUNRISE   643 AM EDT   SUNSET   831 PM EDT
APRIL 25 2015.........SUNRISE   642 AM EDT   SUNSET   832 PM EDT


-  INDICATES NEGATIVE NUMBERS.
R  INDICATES RECORD WAS SET OR TIED.
MM INDICATES DATA IS MISSING.
T  INDICATES TRACE AMOUNT.




$$
