000
CDUS43 KGRR 132130
CLILAN


CLIMATE REPORT
NATIONAL WEATHER SERVICE GRAND RAPIDS, MI
530 PM EDT MON APR 13 2015


...................................

...THE LANSING MI CLIMATE SUMMARY FOR APRIL 13 2015...
VALID TODAY AS OF 0500 PM LOCAL TIME.

CLIMATE NORMAL PERIOD 1981 TO 2010
CLIMATE RECORD PERIOD 1864 TO 2015


WEATHER ITEM   OBSERVED TIME   RECORD YEAR NORMAL DEPARTURE LAST
                VALUE   (LST)  VALUE       VALUE  FROM      YEAR
                                                  NORMAL
..................................................................
TEMPERATURE (F)
 TODAY
  MAXIMUM         62    359 PM  82    1941  57      5       72
  MINIMUM         55    156 PM  17    1950  36     19       50
                                      1869
  AVERAGE         59                        47     12       61

PRECIPITATION (IN)
  TODAY            0.08          1.07 1903   0.11  -0.03     0.27
  MONTH TO DATE    0.81                      1.31  -0.50     0.64
  SINCE MAR 1      1.55                      3.37  -1.82     2.33
  SINCE JAN 1      3.80                      6.49  -2.69     6.25

SNOWFALL (IN)
  TODAY            0.0           3.2  1962   0.1   -0.1      0.0
  MONTH TO DATE    0.0                       1.3   -1.3       T
  SINCE MAR 1      1.9                       8.3   -6.4     10.4
  SINCE JUL 1     35.6                      50.5  -14.9     68.4
  SNOW DEPTH       0

DEGREE DAYS
 HEATING
  TODAY            6                        19    -13        4
  MONTH TO DATE  229                       273    -44      246
  SINCE MAR 1   1220                      1202     18     1456
  SINCE JUL 1   6714                      6137    577     6997

 COOLING
  TODAY            0                         0      0        0
  MONTH TO DATE    0                         0      0        0
  SINCE MAR 1      0                         1     -1        0
  SINCE JAN 1      0                         1     -1        0
..................................................................


WIND (MPH)
  RESULTANT WIND SPEED   9   RESULTANT WIND DIRECTION   S (200)
  HIGHEST WIND SPEED    29   HIGHEST WIND DIRECTION     W (260)
  HIGHEST GUST SPEED    38   HIGHEST GUST DIRECTION     W (270)
  AVERAGE WIND SPEED    14.0


SKY COVER
  AVERAGE SKY COVER 0.8


WEATHER CONDITIONS
 THE FOLLOWING WEATHER WAS RECORDED TODAY.
  LIGHT RAIN
  FOG


RELATIVE HUMIDITY (PERCENT)
 HIGHEST    77          1000 AM
 LOWEST     39           400 PM
 AVERAGE    58

..........................................................


THE LANSING MI CLIMATE NORMALS FOR TOMORROW
                         NORMAL    RECORD    YEAR
 MAXIMUM TEMPERATURE (F)   57        83      1883
 MINIMUM TEMPERATURE (F)   37        19      1885


SUNRISE AND SUNSET
APRIL 13 2015.........SUNRISE   701 AM EDT   SUNSET   818 PM EDT
APRIL 14 2015.........SUNRISE   659 AM EDT   SUNSET   819 PM EDT


-  INDICATES NEGATIVE NUMBERS.
R  INDICATES RECORD WAS SET OR TIED.
MM INDICATES DATA IS MISSING.
T  INDICATES TRACE AMOUNT.




$$
