000
CDUS43 KGRR 260521
CLILAN


CLIMATE REPORT
NATIONAL WEATHER SERVICE GRAND RAPIDS, MI
119 AM EDT SUN APR 26 2015


...................................

...THE LANSING MI CLIMATE SUMMARY FOR APRIL 25 2015...

CLIMATE NORMAL PERIOD 1981 TO 2010
CLIMATE RECORD PERIOD 1864 TO 2015


WEATHER ITEM   OBSERVED TIME   RECORD YEAR NORMAL DEPARTURE LAST
                VALUE   (LST)  VALUE       VALUE  FROM      YEAR
                                                  NORMAL
..................................................................
TEMPERATURE (F)
 YESTERDAY
  MAXIMUM         57    350 PM  86    1915  62     -5       60
  MINIMUM         37   1159 PM  17    1909  40     -3       41
  AVERAGE         47                        51     -4       51

PRECIPITATION (IN)
  YESTERDAY        T             1.83 1864   0.10  -0.10     0.16
  MONTH TO DATE    1.27                      2.53  -1.26     1.14
  SINCE MAR 1      2.01                      4.59  -2.58     2.83
  SINCE JAN 1      4.26                      7.71  -3.45     6.75

SNOWFALL (IN)
  YESTERDAY        0.0           4.3  1976   0.0    0.0      0.0
  MONTH TO DATE    T                         1.8   -1.8      0.7
  SINCE MAR 1      1.9                       8.8   -6.9     11.1
  SINCE JUL 1     35.6                      51.0  -15.4     69.1
  SNOW DEPTH       0

DEGREE DAYS
 HEATING
  YESTERDAY       18                        14      4       14
  MONTH TO DATE  434                       467    -33      463
  SINCE MAR 1   1425                      1396     29     1673
  SINCE JUL 1   6919                      6331    588     7214

 COOLING
  YESTERDAY        0                         0      0        0
  MONTH TO DATE    0                         0      0        0
  SINCE MAR 1      0                         1     -1        0
  SINCE JAN 1      0                         1     -1        0
..................................................................


WIND (MPH)
  RESULTANT WIND SPEED   9   RESULTANT WIND DIRECTION  NE (60)
  HIGHEST WIND SPEED    20   HIGHEST WIND DIRECTION    NE (50)
  HIGHEST GUST SPEED    24   HIGHEST GUST DIRECTION    NE (60)
  AVERAGE WIND SPEED     9.2


SKY COVER
  AVERAGE SKY COVER 0.5


WEATHER CONDITIONS
 THE FOLLOWING WEATHER WAS RECORDED YESTERDAY.
  LIGHT RAIN


RELATIVE HUMIDITY (PERCENT)
 HIGHEST    92           500 AM
 LOWEST     32           400 PM
 AVERAGE    62

..........................................................


THE LANSING MI CLIMATE NORMALS FOR TODAY
                         NORMAL    RECORD    YEAR
 MAXIMUM TEMPERATURE (F)   62        88      1915
 MINIMUM TEMPERATURE (F)   41        22      1874


SUNRISE AND SUNSET
APRIL 26 2015.........SUNRISE   640 AM EDT   SUNSET   833 PM EDT
APRIL 27 2015.........SUNRISE   639 AM EDT   SUNSET   834 PM EDT


-  INDICATES NEGATIVE NUMBERS.
R  INDICATES RECORD WAS SET OR TIED.
MM INDICATES DATA IS MISSING.
T  INDICATES TRACE AMOUNT.




$$
