000
CDUS43 KGRR 160511
CLIMKG


CLIMATE REPORT
NATIONAL WEATHER SERVICE GRAND RAPIDS, MI
111 AM EDT THU APR 16 2015


...................................

...THE MUSKEGON MI CLIMATE SUMMARY FOR APRIL 15 2015...

CLIMATE NORMAL PERIOD 1981 TO 2010
CLIMATE RECORD PERIOD 1896 TO 2015


WEATHER ITEM   OBSERVED TIME   RECORD YEAR NORMAL DEPARTURE LAST
                VALUE   (LST)  VALUE       VALUE  FROM      YEAR
                                                  NORMAL
..................................................................
TEMPERATURE (F)
 YESTERDAY
  MAXIMUM         68    252 PM  80    2002  56     12       33
  MINIMUM         40    618 AM  16    1943  37      3       25
  AVERAGE         54                        46      8       29

PRECIPITATION (IN)
  YESTERDAY        0.00          1.48 1991   0.10  -0.10      T
  MONTH TO DATE    3.74                      1.45   2.29     1.89
  SINCE MAR 1      4.87                      3.70   1.17     3.56
  SINCE JAN 1      8.16                      7.56   0.60     8.69

SNOWFALL (IN)
  YESTERDAY        0.0           3.0  1904   0.1   -0.1       T
  MONTH TO DATE    0.0                       1.9   -1.9      1.6
  SINCE MAR 1      4.0                      10.9   -6.9      9.1
  SINCE JUL 1     92.1                      93.3   -1.2    132.7
  SNOW DEPTH       0

DEGREE DAYS
 HEATING
  YESTERDAY       11                        19     -8       36
  MONTH TO DATE  271                       321    -50      334
  SINCE MAR 1   1278                      1251     27     1522
  SINCE JUL 1   6403                      5983    420     6662

 COOLING
  YESTERDAY        0                         0      0        0
  MONTH TO DATE    0                         0      0        0
  SINCE MAR 1      0                         0      0        0
  SINCE JAN 1      0                         0      0        0
..................................................................


WIND (MPH)
  RESULTANT WIND SPEED  11   RESULTANT WIND DIRECTION   E (90)
  HIGHEST WIND SPEED    25   HIGHEST WIND DIRECTION    SE (120)
  HIGHEST GUST SPEED    31   HIGHEST GUST DIRECTION    SE (120)
  AVERAGE WIND SPEED    11.7


SKY COVER
  AVERAGE SKY COVER 0.5


WEATHER CONDITIONS
 THE FOLLOWING WEATHER WAS RECORDED YESTERDAY.
  NO SIGNIFICANT WEATHER WAS OBSERVED.


RELATIVE HUMIDITY (PERCENT)
 HIGHEST    62          1200 AM
 LOWEST     15           300 PM
 AVERAGE    39

..........................................................


THE MUSKEGON MI CLIMATE NORMALS FOR TODAY
                         NORMAL    RECORD    YEAR
 MAXIMUM TEMPERATURE (F)   56        81      1976
 MINIMUM TEMPERATURE (F)   38        20      1907


SUNRISE AND SUNSET
APRIL 16 2015.........SUNRISE   702 AM EDT   SUNSET   829 PM EDT
APRIL 17 2015.........SUNRISE   700 AM EDT   SUNSET   830 PM EDT


-  INDICATES NEGATIVE NUMBERS.
R  INDICATES RECORD WAS SET OR TIED.
MM INDICATES DATA IS MISSING.
T  INDICATES TRACE AMOUNT.




$$
