000
CDUS43 KGRR 250521
CLIMKG


CLIMATE REPORT
NATIONAL WEATHER SERVICE GRAND RAPIDS, MI
120 AM EDT SAT APR 25 2015


...................................

...THE MUSKEGON MI CLIMATE SUMMARY FOR APRIL 24 2015...

CLIMATE NORMAL PERIOD 1981 TO 2010
CLIMATE RECORD PERIOD 1896 TO 2015


WEATHER ITEM   OBSERVED TIME   RECORD YEAR NORMAL DEPARTURE LAST
                VALUE   (LST)  VALUE       VALUE  FROM      YEAR
                                                  NORMAL
..................................................................
TEMPERATURE (F)
 YESTERDAY
  MAXIMUM         55    316 PM  81    1990  60     -5       61
  MINIMUM         27    345 AM  24    1918  40    -13       44
  AVERAGE         41                        50     -9       53

PRECIPITATION (IN)
  YESTERDAY        T             1.71 1976   0.09  -0.09     0.03
  MONTH TO DATE    4.71                      2.32   2.39     2.00
  SINCE MAR 1      5.84                      4.57   1.27     3.67
  SINCE JAN 1      9.13                      8.43   0.70     8.80

SNOWFALL (IN)
  YESTERDAY        0.0           3.5  1980   0.0    0.0      0.0
  MONTH TO DATE    T                         2.3   -2.3      1.6
  SINCE MAR 1      4.0                      11.3   -7.3      9.1
  SINCE JUL 1     92.1                      93.7   -1.6    132.7
  SNOW DEPTH       0

DEGREE DAYS
 HEATING
  YESTERDAY       24                        15      9       12
  MONTH TO DATE  432                       471    -39      488
  SINCE MAR 1   1439                      1401     38     1676
  SINCE JUL 1   6564                      6133    431     6816

 COOLING
  YESTERDAY        0                         0      0        0
  MONTH TO DATE    0                         0      0        0
  SINCE MAR 1      0                         0      0        0
  SINCE JAN 1      0                         0      0        0
..................................................................


WIND (MPH)
  RESULTANT WIND SPEED   1   RESULTANT WIND DIRECTION   W (250)
  HIGHEST WIND SPEED    14   HIGHEST WIND DIRECTION    SW (230)
  HIGHEST GUST SPEED    18   HIGHEST GUST DIRECTION     W (270)
  AVERAGE WIND SPEED     4.5


SKY COVER
  AVERAGE SKY COVER 0.3


WEATHER CONDITIONS
 THE FOLLOWING WEATHER WAS RECORDED YESTERDAY.
  LIGHT RAIN


RELATIVE HUMIDITY (PERCENT)
 HIGHEST    85           300 AM
 LOWEST     22           300 PM
 AVERAGE    54

..........................................................


THE MUSKEGON MI CLIMATE NORMALS FOR TODAY
                         NORMAL    RECORD    YEAR
 MAXIMUM TEMPERATURE (F)   60        83      1942
 MINIMUM TEMPERATURE (F)   41        24      1967


SUNRISE AND SUNSET
APRIL 25 2015.........SUNRISE   648 AM EDT   SUNSET   839 PM EDT
APRIL 26 2015.........SUNRISE   646 AM EDT   SUNSET   840 PM EDT


-  INDICATES NEGATIVE NUMBERS.
R  INDICATES RECORD WAS SET OR TIED.
MM INDICATES DATA IS MISSING.
T  INDICATES TRACE AMOUNT.




$$
