000
CDUS43 KGRR 022130
CLIMKG


CLIMATE REPORT
NATIONAL WEATHER SERVICE GRAND RAPIDS, MI
527 PM EDT SAT MAY 2 2015


...................................

...THE MUSKEGON MI CLIMATE SUMMARY FOR MAY 2 2015...
VALID TODAY AS OF 0500 PM LOCAL TIME.

CLIMATE NORMAL PERIOD 1981 TO 2010
CLIMATE RECORD PERIOD 1896 TO 2015


WEATHER ITEM   OBSERVED TIME   RECORD YEAR NORMAL DEPARTURE LAST
                VALUE   (LST)  VALUE       VALUE  FROM      YEAR
                                                  NORMAL
..................................................................
TEMPERATURE (F)
 TODAY
  MAXIMUM         70    341 PM  81    1959  63      7       49
  MINIMUM         40    452 AM  25    1950  43     -3       42
  AVERAGE         55                        53      2       46

PRECIPITATION (IN)
  TODAY            0.00          0.85 1933   0.10  -0.10     0.01
  MONTH TO DATE    0.00                      0.20  -0.20     0.13
  SINCE MAR 1      5.85                      5.36   0.49     4.58
  SINCE JAN 1      9.14                      9.22  -0.08     9.71

SNOWFALL (IN)
  TODAY            0.0           T    1961   0.0    0.0      0.0
                                      1908
  MONTH TO DATE    0.0                       0.0    0.0      0.0
  SINCE MAR 1      4.0                      11.3   -7.3      9.1
  SINCE JUL 1     92.1                      93.7   -1.6    132.7
  SNOW DEPTH       0

DEGREE DAYS
 HEATING
  TODAY           10                        13     -3       19
  MONTH TO DATE   24                        26     -2       42
  SINCE MAR 1   1566                      1512     54     1807
  SINCE JUL 1   6691                      6244    447     6947

 COOLING
  TODAY            0                         0      0        0
  MONTH TO DATE    0                         0      0        0
  SINCE MAR 1      0                         4     -4        0
  SINCE JAN 1      0                         4     -4        0
..................................................................


WIND (MPH)
  RESULTANT WIND SPEED   5   RESULTANT WIND DIRECTION  SW (210)
  HIGHEST WIND SPEED    15   HIGHEST WIND DIRECTION    SW (210)
  HIGHEST GUST SPEED    19   HIGHEST GUST DIRECTION    SW (220)
  AVERAGE WIND SPEED     5.5


SKY COVER
  AVERAGE SKY COVER 0.3


WEATHER CONDITIONS
 THE FOLLOWING WEATHER WAS RECORDED TODAY.
  NO SIGNIFICANT WEATHER WAS OBSERVED.


RELATIVE HUMIDITY (PERCENT)
 HIGHEST    82          1200 AM
 LOWEST     25           400 PM
 AVERAGE    54

..........................................................


THE MUSKEGON MI CLIMATE NORMALS FOR TOMORROW
                         NORMAL    RECORD    YEAR
 MAXIMUM TEMPERATURE (F)   63        82      1959
 MINIMUM TEMPERATURE (F)   43        26      1967


SUNRISE AND SUNSET
MAY  2 2015...........SUNRISE   637 AM EDT   SUNSET   847 PM EDT
MAY  3 2015...........SUNRISE   636 AM EDT   SUNSET   848 PM EDT


-  INDICATES NEGATIVE NUMBERS.
R  INDICATES RECORD WAS SET OR TIED.
MM INDICATES DATA IS MISSING.
T  INDICATES TRACE AMOUNT.




$$

63
