000
CDUS43 KGRR 210517
CLIMKG


CLIMATE REPORT
NATIONAL WEATHER SERVICE GRAND RAPIDS, MI
115 AM EDT TUE APR 21 2015


...................................

...THE MUSKEGON MI CLIMATE SUMMARY FOR APRIL 20 2015...

CLIMATE NORMAL PERIOD 1981 TO 2010
CLIMATE RECORD PERIOD 1896 TO 2015


WEATHER ITEM   OBSERVED TIME   RECORD YEAR NORMAL DEPARTURE LAST
                VALUE   (LST)  VALUE       VALUE  FROM      YEAR
                                                  NORMAL
..................................................................
TEMPERATURE (F)
 YESTERDAY
  MAXIMUM         52    414 AM  79    1987  58     -6       70
  MINIMUM         39    829 AM  18    1897  39      0       43
  AVERAGE         46                        48     -2       57

PRECIPITATION (IN)
  YESTERDAY        0.23          2.06 2000   0.09   0.14     0.00
  MONTH TO DATE    4.70                      1.94   2.76     1.89
  SINCE MAR 1      5.83                      4.19   1.64     3.56
  SINCE JAN 1      9.12                      8.05   1.07     8.69

SNOWFALL (IN)
  YESTERDAY        0.0           0.3  1953   0.0    0.0      0.0
  MONTH TO DATE    0.0                       2.2   -2.2      1.6
  SINCE MAR 1      4.0                      11.2   -7.2      9.1
  SINCE JUL 1     92.1                      93.6   -1.5    132.7
  SNOW DEPTH       0

DEGREE DAYS
 HEATING
  YESTERDAY       19                        17      2        8
  MONTH TO DATE  332                       408    -76      426
  SINCE MAR 1   1339                      1338      1     1614
  SINCE JUL 1   6464                      6070    394     6754

 COOLING
  YESTERDAY        0                         0      0        0
  MONTH TO DATE    0                         0      0        0
  SINCE MAR 1      0                         0      0        0
  SINCE JAN 1      0                         0      0        0
..................................................................


WIND (MPH)
  RESULTANT WIND SPEED  10   RESULTANT WIND DIRECTION  SW (230)
  HIGHEST WIND SPEED    23   HIGHEST WIND DIRECTION    SW (220)
  HIGHEST GUST SPEED    31   HIGHEST GUST DIRECTION    SW (220)
  AVERAGE WIND SPEED    11.2


SKY COVER
  AVERAGE SKY COVER 1.0


WEATHER CONDITIONS
 THE FOLLOWING WEATHER WAS RECORDED YESTERDAY.
  LIGHT RAIN
  FOG


RELATIVE HUMIDITY (PERCENT)
 HIGHEST    93           700 AM
 LOWEST     73           900 PM
 AVERAGE    83

..........................................................


THE MUSKEGON MI CLIMATE NORMALS FOR TODAY
                         NORMAL    RECORD    YEAR
 MAXIMUM TEMPERATURE (F)   58        79      1985
 MINIMUM TEMPERATURE (F)   39        23      2013


SUNRISE AND SUNSET
APRIL 21 2015.........SUNRISE   654 AM EDT   SUNSET   834 PM EDT
APRIL 22 2015.........SUNRISE   652 AM EDT   SUNSET   836 PM EDT


-  INDICATES NEGATIVE NUMBERS.
R  INDICATES RECORD WAS SET OR TIED.
MM INDICATES DATA IS MISSING.
T  INDICATES TRACE AMOUNT.




$$
