000
CDUS43 KGRR 290516
CLIMKG


CLIMATE REPORT
NATIONAL WEATHER SERVICE GRAND RAPIDS, MI
116 AM EDT WED APR 29 2015


...................................

...THE MUSKEGON MI CLIMATE SUMMARY FOR APRIL 28 2015...

CLIMATE NORMAL PERIOD 1981 TO 2010
CLIMATE RECORD PERIOD 1896 TO 2015


WEATHER ITEM   OBSERVED TIME   RECORD YEAR NORMAL DEPARTURE LAST
                VALUE   (LST)  VALUE       VALUE  FROM      YEAR
                                                  NORMAL
..................................................................
TEMPERATURE (F)
 YESTERDAY
  MAXIMUM         55    622 PM  80    1990  61     -6       58
  MINIMUM         35    239 AM  25    1947  42     -7       46
  AVERAGE         45                        51     -6       52

PRECIPITATION (IN)
  YESTERDAY        0.00          1.05 1959   0.10  -0.10      T
  MONTH TO DATE    4.72                      2.71   2.01     2.15
  SINCE MAR 1      5.85                      4.96   0.89     3.82
  SINCE JAN 1      9.14                      8.82   0.32     8.95

SNOWFALL (IN)
  YESTERDAY        0.0           2.5  1912   0.0    0.0      0.0
  MONTH TO DATE    T                         2.3   -2.3      1.6
  SINCE MAR 1      4.0                      11.3   -7.3      9.1
  SINCE JUL 1     92.1                      93.7   -1.6    132.7
  SNOW DEPTH       0

DEGREE DAYS
 HEATING
  YESTERDAY       20                        14      6       13
  MONTH TO DATE  505                       529    -24      551
  SINCE MAR 1   1512                      1459     53     1739
  SINCE JUL 1   6637                      6191    446     6879

 COOLING
  YESTERDAY        0                         0      0        0
  MONTH TO DATE    0                         0      0        0
  SINCE MAR 1      0                         0      0        0
  SINCE JAN 1      0                         0      0        0
..................................................................


WIND (MPH)
  RESULTANT WIND SPEED   2   RESULTANT WIND DIRECTION  NW (300)
  HIGHEST WIND SPEED    13   HIGHEST WIND DIRECTION     W (280)
  HIGHEST GUST SPEED    16   HIGHEST GUST DIRECTION     W (260)
  AVERAGE WIND SPEED     5.2


SKY COVER
  AVERAGE SKY COVER 0.3


WEATHER CONDITIONS
 THE FOLLOWING WEATHER WAS RECORDED YESTERDAY.
  HAZE


RELATIVE HUMIDITY (PERCENT)
 HIGHEST    82           300 AM
 LOWEST     47           600 PM
 AVERAGE    65

..........................................................


THE MUSKEGON MI CLIMATE NORMALS FOR TODAY
                         NORMAL    RECORD    YEAR
 MAXIMUM TEMPERATURE (F)   61        86      1970
 MINIMUM TEMPERATURE (F)   42        26      1979


SUNRISE AND SUNSET
APRIL 29 2015.........SUNRISE   642 AM EDT   SUNSET   844 PM EDT
APRIL 30 2015.........SUNRISE   640 AM EDT   SUNSET   845 PM EDT


-  INDICATES NEGATIVE NUMBERS.
R  INDICATES RECORD WAS SET OR TIED.
MM INDICATES DATA IS MISSING.
T  INDICATES TRACE AMOUNT.




$$
