000
CDUS43 KGRR 111339
CLIMKG


CLIMATE REPORT
NATIONAL WEATHER SERVICE GRAND RAPIDS, MI
936 AM EDT SAT APR 11 2015


...................................

...THE MUSKEGON MI CLIMATE SUMMARY FOR APRIL 11 2015...
VALID AS OF 0900 AM LOCAL TIME.

CLIMATE NORMAL PERIOD 1981 TO 2010
CLIMATE RECORD PERIOD 1896 TO 2015


WEATHER ITEM   OBSERVED TIME   RECORD YEAR NORMAL DEPARTURE LAST
                VALUE   (LST)  VALUE       VALUE  FROM      YEAR
                                                  NORMAL
..................................................................
TEMPERATURE (F)
 TODAY
  MAXIMUM         43    759 AM  79    1945  54    -11       60
  MINIMUM         33    120 AM  12    1973  36     -3       29
  AVERAGE         38                        45     -7       45

PRECIPITATION (IN)
  TODAY            0.00          2.66 2001   0.10  -0.10     0.00
  MONTH TO DATE    3.48                      1.05   2.43     0.48
  SINCE MAR 1      4.61                      3.30   1.31     2.15
  SINCE JAN 1      7.90                      7.16   0.74     7.28

SNOWFALL (IN)
  TODAY            0.0           5.1  2007   0.1   -0.1      0.0
  MONTH TO DATE    0.0                       1.6   -1.6       T
  SINCE MAR 1      4.0                      10.6   -6.6      7.5
  SINCE JUL 1     92.1                      93.0   -0.9    131.1
  SNOW DEPTH       0

DEGREE DAYS
 HEATING
  TODAY           27                        20      7       20
  MONTH TO DATE  221                       244    -23      258
  SINCE MAR 1   1228                      1174     54     1446
  SINCE JUL 1   6353                      5906    447     6586

 COOLING
  TODAY            0                         0      0        0
  MONTH TO DATE    0                         0      0        0
  SINCE MAR 1      0                         0      0        0
  SINCE JAN 1      0                         0      0        0
..................................................................


WIND (MPH)
  RESULTANT WIND SPEED   5   RESULTANT WIND DIRECTION  SW (230)
  HIGHEST WIND SPEED    14   HIGHEST WIND DIRECTION    SW (230)
  HIGHEST GUST SPEED    17   HIGHEST GUST DIRECTION     W (270)
  AVERAGE WIND SPEED     5.8


SKY COVER
  AVERAGE SKY COVER 0.3


WEATHER CONDITIONS
 THE FOLLOWING WEATHER WAS RECORDED TODAY.
  NO SIGNIFICANT WEATHER WAS OBSERVED.


RELATIVE HUMIDITY (PERCENT)
 HIGHEST    92          1200 AM
 LOWEST     76           800 AM
 AVERAGE    84

..........................................................


THE MUSKEGON MI CLIMATE NORMALS FOR TOMORROW
                         NORMAL    RECORD    YEAR
 MAXIMUM TEMPERATURE (F)   55        77      1941
 MINIMUM TEMPERATURE (F)   36        19      1975
                                             1923


SUNRISE AND SUNSET
APRIL 11 2015.........SUNRISE   710 AM EDT   SUNSET   823 PM EDT
APRIL 12 2015.........SUNRISE   708 AM EDT   SUNSET   824 PM EDT


-  INDICATES NEGATIVE NUMBERS.
R  INDICATES RECORD WAS SET OR TIED.
MM INDICATES DATA IS MISSING.
T  INDICATES TRACE AMOUNT.




$$

63
