000
CDUS43 KGRR 260521
CLIMKG


CLIMATE REPORT
NATIONAL WEATHER SERVICE GRAND RAPIDS, MI
119 AM EDT SUN APR 26 2015


...................................

...THE MUSKEGON MI CLIMATE SUMMARY FOR APRIL 25 2015...

CLIMATE NORMAL PERIOD 1981 TO 2010
CLIMATE RECORD PERIOD 1896 TO 2015


WEATHER ITEM   OBSERVED TIME   RECORD YEAR NORMAL DEPARTURE LAST
                VALUE   (LST)  VALUE       VALUE  FROM      YEAR
                                                  NORMAL
..................................................................
TEMPERATURE (F)
 YESTERDAY
  MAXIMUM         57    236 PM  83    1942  60     -3       56
  MINIMUM         41    858 AM  24    1967  41      0       42
  AVERAGE         49                        50     -1       49

PRECIPITATION (IN)
  YESTERDAY        0.01          1.08 1957   0.09  -0.08     0.15
  MONTH TO DATE    4.72                      2.41   2.31     2.15
  SINCE MAR 1      5.85                      4.66   1.19     3.82
  SINCE JAN 1      9.14                      8.52   0.62     8.95

SNOWFALL (IN)
  YESTERDAY        0.0           1.0  1912   0.0    0.0      0.0
  MONTH TO DATE    T                         2.3   -2.3      1.6
  SINCE MAR 1      4.0                      11.3   -7.3      9.1
  SINCE JUL 1     92.1                      93.7   -1.6    132.7
  SNOW DEPTH       0

DEGREE DAYS
 HEATING
  YESTERDAY       16                        15      1       16
  MONTH TO DATE  448                       486    -38      504
  SINCE MAR 1   1455                      1416     39     1692
  SINCE JUL 1   6580                      6148    432     6832

 COOLING
  YESTERDAY        0                         0      0        0
  MONTH TO DATE    0                         0      0        0
  SINCE MAR 1      0                         0      0        0
  SINCE JAN 1      0                         0      0        0
..................................................................


WIND (MPH)
  RESULTANT WIND SPEED  10   RESULTANT WIND DIRECTION   E (80)
  HIGHEST WIND SPEED    18   HIGHEST WIND DIRECTION    SE (120)
  HIGHEST GUST SPEED    25   HIGHEST GUST DIRECTION     E (90)
  AVERAGE WIND SPEED    10.6


SKY COVER
  AVERAGE SKY COVER 0.8


WEATHER CONDITIONS
 THE FOLLOWING WEATHER WAS RECORDED YESTERDAY.
  LIGHT RAIN


RELATIVE HUMIDITY (PERCENT)
 HIGHEST    82           200 AM
 LOWEST     32           500 PM
 AVERAGE    57

..........................................................


THE MUSKEGON MI CLIMATE NORMALS FOR TODAY
                         NORMAL    RECORD    YEAR
 MAXIMUM TEMPERATURE (F)   60        84      1986
 MINIMUM TEMPERATURE (F)   41        22      1932


SUNRISE AND SUNSET
APRIL 26 2015.........SUNRISE   646 AM EDT   SUNSET   840 PM EDT
APRIL 27 2015.........SUNRISE   645 AM EDT   SUNSET   841 PM EDT


-  INDICATES NEGATIVE NUMBERS.
R  INDICATES RECORD WAS SET OR TIED.
MM INDICATES DATA IS MISSING.
T  INDICATES TRACE AMOUNT.




$$
