000
CDUS43 KGRR 300517
CLIMKG


CLIMATE REPORT
NATIONAL WEATHER SERVICE GRAND RAPIDS, MI
117 AM EDT MON MAR 30 2015


...................................

...THE MUSKEGON MI CLIMATE SUMMARY FOR MARCH 29 2015...

CLIMATE NORMAL PERIOD 1981 TO 2010
CLIMATE RECORD PERIOD 1896 TO 2015


WEATHER ITEM   OBSERVED TIME   RECORD YEAR NORMAL DEPARTURE LAST
                VALUE   (LST)  VALUE       VALUE  FROM      YEAR
                                                  NORMAL
..................................................................
TEMPERATURE (F)
 YESTERDAY
  MAXIMUM         41   1059 PM  75    1998  48     -7       45
  MINIMUM         19    205 AM   8    1970  31    -12       31
  AVERAGE         30                        40    -10       38

PRECIPITATION (IN)
  YESTERDAY        0.09          1.65 1907   0.08   0.01     0.00
  MONTH TO DATE    1.00                      2.09  -1.09     1.67
  SINCE MAR 1      1.00                      2.09  -1.09     1.67
  SINCE JAN 1      4.29                      5.95  -1.66     6.80

SNOWFALL (IN)
  YESTERDAY        T             7.4  1972   0.2   -0.2      0.0
  MONTH TO DATE    4.0                       8.7   -4.7      7.5
  SINCE MAR 1      4.0                       8.7   -4.7      7.5
  SINCE JUL 1     92.1                      91.1    1.0    131.1
  SNOW DEPTH       0

DEGREE DAYS
 HEATING
  YESTERDAY       35                        25     10       27
  MONTH TO DATE  963                       881     82     1140
  SINCE MAR 1    963                       881     82     1140
  SINCE JUL 1   6088                      5613    475     6280

 COOLING
  YESTERDAY        0                         0      0        0
  MONTH TO DATE    0                         0      0        0
  SINCE MAR 1      0                         0      0        0
  SINCE JAN 1      0                         0      0        0
..................................................................


WIND (MPH)
  RESULTANT WIND SPEED  12   RESULTANT WIND DIRECTION   S (190)
  HIGHEST WIND SPEED    38   HIGHEST WIND DIRECTION     S (190)
  HIGHEST GUST SPEED    52   HIGHEST GUST DIRECTION     S (180)
  AVERAGE WIND SPEED    17.9


SKY COVER
  AVERAGE SKY COVER 0.7


WEATHER CONDITIONS
 THE FOLLOWING WEATHER WAS RECORDED YESTERDAY.
  RAIN
  LIGHT RAIN
  LIGHT SNOW
  FOG
  HAZE


RELATIVE HUMIDITY (PERCENT)
 HIGHEST    89           400 PM
 LOWEST     40          1200 PM
 AVERAGE    65

..........................................................


THE MUSKEGON MI CLIMATE NORMALS FOR TODAY
                         NORMAL    RECORD    YEAR
 MAXIMUM TEMPERATURE (F)   49        77      1967
 MINIMUM TEMPERATURE (F)   31         7      1954


SUNRISE AND SUNSET
MARCH 30 2015.........SUNRISE   731 AM EDT   SUNSET   809 PM EDT
MARCH 31 2015.........SUNRISE   729 AM EDT   SUNSET   810 PM EDT


-  INDICATES NEGATIVE NUMBERS.
R  INDICATES RECORD WAS SET OR TIED.
MM INDICATES DATA IS MISSING.
T  INDICATES TRACE AMOUNT.




$$
